CRAN Package Check Results for Package saeHB.unit

Last updated on 2024-04-23 11:55:57 CEST.

Flavor Version Tinstall Tcheck Ttotal Status Flags
r-devel-linux-x86_64-debian-clang 0.1.0 1.74 53.19 54.93 OK
r-devel-linux-x86_64-debian-gcc 0.1.0 1.98 39.89 41.87 OK
r-devel-linux-x86_64-fedora-clang 0.1.0 68.71 NOTE
r-devel-linux-x86_64-fedora-gcc 0.1.0 65.99 OK
r-prerel-macos-arm64 0.1.0 27.00 OK
r-prerel-windows-x86_64 0.1.0 5.00 65.00 70.00 OK
r-patched-linux-x86_64 0.1.0 2.30 51.23 53.53 OK
r-release-linux-x86_64 0.1.0 2.05 50.34 52.39 OK
r-release-macos-arm64 0.1.0 30.00 OK
r-release-macos-x86_64 0.1.0 54.00 OK
r-release-windows-x86_64 0.1.0 5.00 68.00 73.00 OK
r-oldrel-macos-arm64 0.1.0 561.00 OK
r-oldrel-windows-x86_64 0.1.0 5.00 73.00 78.00 OK

Check Details

Version: 0.1.0
Check: Rd cross-references
Result: NOTE Undeclared package ‘ggplot2’ in Rd xrefs Flavor: r-devel-linux-x86_64-fedora-clang