CRAN Package Check Results for Package saeMSPE

Last updated on 2022-06-29 12:54:39 CEST.

Flavor Version Tinstall Tcheck Ttotal Status Flags
r-devel-linux-x86_64-debian-clang 1.0 67.74 80.93 148.67 OK
r-devel-linux-x86_64-debian-gcc 1.0 53.66 61.11 114.77 OK
r-devel-linux-x86_64-fedora-clang 1.0 210.46 NOTE
r-devel-linux-x86_64-fedora-gcc 1.0 193.86 OK
r-devel-windows-x86_64 1.0 63.00 124.00 187.00 OK
r-patched-linux-x86_64 1.0 58.29 77.34 135.63 OK
r-release-linux-x86_64 1.0 54.79 76.07 130.86 OK
r-release-macos-arm64 1.0 51.00 NOTE
r-release-macos-x86_64 1.0 67.00 NOTE
r-release-windows-x86_64 1.0 61.00 124.00 185.00 OK
r-oldrel-macos-arm64 1.0 50.00 NOTE
r-oldrel-macos-x86_64 1.0 65.00 NOTE
r-oldrel-windows-ix86+x86_64 1.0 146.00 153.00 299.00 OK

Check Details

Version: 1.0
Check: installed package size
Result: NOTE
     installed size is 5.3Mb
     sub-directories of 1Mb or more:
     libs 5.1Mb
Flavors: r-devel-linux-x86_64-fedora-clang, r-release-macos-arm64, r-release-macos-x86_64, r-oldrel-macos-arm64, r-oldrel-macos-x86_64