CRAN Package Check Results for Package saeRobust

Last updated on 2021-10-23 06:13:23 CEST.

Flavor Version Tinstall Tcheck Ttotal Status Flags
r-devel-linux-x86_64-debian-clang 0.2.0 44.88 216.11 260.99 NOTE
r-devel-linux-x86_64-debian-gcc 0.2.0 36.74 163.83 200.57 NOTE
r-devel-linux-x86_64-fedora-clang 0.2.0 335.71 NOTE
r-devel-linux-x86_64-fedora-gcc 0.2.0 313.31 NOTE
r-devel-windows-x86_64 0.2.0 68.00 183.00 251.00 NOTE
r-devel-windows-x86_64-gcc10-UCRT 0.2.0 NOTE
r-patched-linux-x86_64 0.2.0 45.02 207.47 252.49 NOTE
r-patched-solaris-x86 0.2.0 383.80 NOTE
r-release-linux-x86_64 0.2.0 44.68 207.36 252.04 NOTE
r-release-macos-arm64 0.2.0 NOTE
r-release-macos-x86_64 0.2.0 NOTE
r-release-windows-ix86+x86_64 0.2.0 94.00 407.00 501.00 NOTE
r-oldrel-macos-x86_64 0.2.0 OK
r-oldrel-windows-ix86+x86_64 0.2.0 123.00 416.00 539.00 OK

Check Details

Version: 0.2.0
Check: LazyData
Result: NOTE
     'LazyData' is specified without a 'data' directory
Flavors: r-devel-linux-x86_64-debian-clang, r-devel-linux-x86_64-debian-gcc, r-devel-linux-x86_64-fedora-clang, r-devel-linux-x86_64-fedora-gcc, r-devel-windows-x86_64, r-devel-windows-x86_64-gcc10-UCRT, r-patched-linux-x86_64, r-patched-solaris-x86, r-release-linux-x86_64, r-release-macos-arm64, r-release-macos-x86_64, r-release-windows-ix86+x86_64