CRAN Package Check Results for Package saens

Last updated on 2024-06-13 14:49:14 CEST.

Flavor Version Tinstall Tcheck Ttotal Status Flags
r-devel-linux-x86_64-debian-clang 0.1.0 4.68 49.23 53.91 OK
r-devel-linux-x86_64-debian-gcc 0.1.0 0.35 1.57 1.92 ERROR
r-devel-linux-x86_64-fedora-clang 0.1.0 71.80 OK
r-devel-linux-x86_64-fedora-gcc 0.1.0 66.81 OK
r-devel-windows-x86_64 0.1.0 6.00 58.00 64.00 OK
r-patched-linux-x86_64 0.1.0 6.64 48.64 55.28 OK
r-release-linux-x86_64 0.1.0 3.96 49.45 53.41 OK
r-release-macos-arm64 0.1.0 24.00 OK
r-release-macos-x86_64 0.1.0 36.00 OK
r-release-windows-x86_64 0.1.0 7.00 62.00 69.00 OK
r-oldrel-macos-arm64 0.1.0 31.00 OK
r-oldrel-macos-x86_64 0.1.0 50.00 OK
r-oldrel-windows-x86_64 0.1.0 9.00 64.00 73.00 OK

Check Details

Version: 0.1.0
Check: package dependencies
Result: ERROR Packages required but not available: 'dplyr', 'ggplot2', 'tidyr' See section ‘The DESCRIPTION file’ in the ‘Writing R Extensions’ manual. Flavor: r-devel-linux-x86_64-debian-gcc