CRAN Package Check Results for Package safetyCharts

Last updated on 2021-10-24 19:51:52 CEST.

Flavor Version Tinstall Tcheck Ttotal Status Flags
r-devel-linux-x86_64-debian-clang 0.2.0 7.63 72.57 80.20 OK
r-devel-linux-x86_64-debian-gcc 0.2.0 6.23 54.01 60.24 OK
r-devel-linux-x86_64-fedora-clang 0.2.0 103.21 NOTE
r-devel-linux-x86_64-fedora-gcc 0.2.0 91.74 NOTE
r-devel-windows-x86_64 0.2.0 13.00 98.00 111.00 OK
r-devel-windows-x86_64-gcc10-UCRT 0.2.0 NOTE
r-patched-linux-x86_64 0.2.0 6.84 67.83 74.67 OK
r-patched-solaris-x86 0.2.0 137.90 NOTE
r-release-linux-x86_64 0.2.0 6.97 68.10 75.07 OK
r-release-macos-arm64 0.2.0 NOTE
r-release-macos-x86_64 0.2.0 NOTE
r-release-windows-ix86+x86_64 0.2.0 14.00 83.00 97.00 OK
r-oldrel-macos-x86_64 0.2.0 NOTE
r-oldrel-windows-ix86+x86_64 0.2.0 19.00 96.00 115.00 OK

Check Details

Version: 0.2.0
Check: dependencies in R code
Result: NOTE
    Namespaces in Imports field not imported from:
     ‘kableExtra’ ‘knitr’
     All declared Imports should be used.
Flavors: r-devel-linux-x86_64-fedora-clang, r-devel-linux-x86_64-fedora-gcc, r-devel-windows-x86_64-gcc10-UCRT, r-patched-solaris-x86, r-release-macos-arm64, r-release-macos-x86_64, r-oldrel-macos-x86_64