Last updated on 2023-06-03 12:57:03 CEST.
Flavor | Version | Tinstall | Tcheck | Ttotal | Status | Flags |
---|---|---|---|---|---|---|
r-devel-linux-x86_64-debian-clang | 1.0.0 | 19.73 | 45.81 | 65.54 | OK | |
r-devel-linux-x86_64-debian-gcc | 1.0.0 | 21.61 | 39.64 | 61.25 | OK | |
r-devel-linux-x86_64-fedora-clang | 1.0.0 | 91.73 | NOTE | |||
r-devel-linux-x86_64-fedora-gcc | 1.0.0 | 89.10 | NOTE | |||
r-devel-windows-x86_64 | 1.0.0 | 20.00 | 61.00 | 81.00 | OK | |
r-patched-linux-x86_64 | 1.0.0 | OK | ||||
r-release-linux-x86_64 | 1.0.0 | 21.83 | 45.34 | 67.17 | OK | |
r-release-macos-arm64 | 1.0.0 | 43.00 | OK | |||
r-release-macos-x86_64 | 1.0.0 | 77.00 | OK | |||
r-release-windows-x86_64 | 1.0.0 | 24.00 | 83.00 | 107.00 | OK | |
r-oldrel-macos-arm64 | 1.0.0 | 39.00 | OK | |||
r-oldrel-macos-x86_64 | 1.0.0 | 56.00 | NOTE | |||
r-oldrel-windows-x86_64 | 1.0.0 | 44.00 | 86.00 | 130.00 | OK |
Version: 1.0.0
Check: data for non-ASCII characters
Result: NOTE
Note: found 3 marked Latin-1 strings
Flavors: r-devel-linux-x86_64-fedora-clang, r-devel-linux-x86_64-fedora-gcc, r-oldrel-macos-x86_64