CRAN Package Check Results for Package safetyData

Last updated on 2021-12-03 13:53:49 CET.

Flavor Version Tinstall Tcheck Ttotal Status Flags
r-devel-linux-x86_64-debian-clang 1.0.0 18.68 50.23 68.91 OK
r-devel-linux-x86_64-debian-gcc 1.0.0 19.57 41.41 60.98 OK
r-devel-linux-x86_64-fedora-clang 1.0.0 102.09 NOTE
r-devel-linux-x86_64-fedora-gcc 1.0.0 90.64 NOTE
r-devel-windows-x86_64-new-UL 1.0.0 55.00 97.00 152.00 OK
r-devel-windows-x86_64-new-TK 1.0.0 NOTE
r-devel-windows-x86_64-old 1.0.0 41.00 53.00 94.00 OK
r-patched-linux-x86_64 1.0.0 20.50 46.73 67.23 OK
r-patched-solaris-x86 1.0.0 159.70 NOTE
r-release-linux-x86_64 1.0.0 20.08 46.96 67.04 OK
r-release-macos-arm64 1.0.0 NOTE
r-release-macos-x86_64 1.0.0 NOTE
r-release-windows-ix86+x86_64 1.0.0 43.00 54.00 97.00 OK
r-oldrel-macos-x86_64 1.0.0 NOTE
r-oldrel-windows-ix86+x86_64 1.0.0 44.00 74.00 118.00 OK

Check Details

Version: 1.0.0
Check: data for non-ASCII characters
Result: NOTE
     Note: found 3 marked Latin-1 strings
Flavors: r-devel-linux-x86_64-fedora-clang, r-devel-linux-x86_64-fedora-gcc, r-devel-windows-x86_64-new-TK, r-patched-solaris-x86, r-release-macos-arm64, r-release-macos-x86_64, r-oldrel-macos-x86_64