CRAN Package Check Results for Package sahpm

Last updated on 2022-10-05 20:55:12 CEST.

Flavor Version Tinstall Tcheck Ttotal Status Flags
r-devel-linux-x86_64-debian-clang 1.0.1 2.46 28.53 30.99 OK
r-devel-linux-x86_64-debian-gcc 1.0.1 1.77 21.89 23.66 OK
r-devel-linux-x86_64-fedora-clang 1.0.1 50.20 NOTE
r-devel-linux-x86_64-fedora-gcc 1.0.1 47.57 NOTE
r-devel-windows-x86_64 1.0.1 8.00 55.00 63.00 OK
r-patched-linux-x86_64 1.0.1 1.80 27.17 28.97 OK
r-release-linux-x86_64 1.0.1 1.90 27.13 29.03 OK
r-release-macos-arm64 1.0.1 15.00 NOTE
r-release-macos-x86_64 1.0.1 21.00 NOTE
r-release-windows-x86_64 1.0.1 6.00 51.00 57.00 OK
r-oldrel-macos-arm64 1.0.1 18.00 NOTE
r-oldrel-macos-x86_64 1.0.1 23.00 NOTE
r-oldrel-windows-ix86+x86_64 1.0.1 6.00 43.00 49.00 OK

Check Details

Version: 1.0.1
Check: dependencies in R code
Result: NOTE
    Namespace in Imports field not imported from: ‘mvtnorm’
     All declared Imports should be used.
Flavors: r-devel-linux-x86_64-fedora-clang, r-devel-linux-x86_64-fedora-gcc, r-release-macos-arm64, r-release-macos-x86_64, r-oldrel-macos-arm64, r-oldrel-macos-x86_64