CRAN Package Check Results for Package sahpm

Last updated on 2023-02-03 17:54:02 CET.

Flavor Version Tinstall Tcheck Ttotal Status Flags
r-devel-linux-x86_64-debian-clang 1.0.1 2.31 28.78 31.09 OK
r-devel-linux-x86_64-debian-gcc 1.0.1 1.77 21.55 23.32 OK
r-devel-linux-x86_64-fedora-clang 1.0.1 38.91 NOTE
r-devel-linux-x86_64-fedora-gcc 1.0.1 36.61 NOTE
r-devel-windows-x86_64 1.0.1 13.00 57.00 70.00 OK
r-patched-linux-x86_64 1.0.1 2.40 26.93 29.33 OK
r-release-linux-x86_64 1.0.1 2.17 28.05 30.22 OK
r-release-macos-arm64 1.0.1 15.00 NOTE
r-release-macos-x86_64 1.0.1 21.00 NOTE
r-release-windows-x86_64 1.0.1 6.00 51.00 57.00 OK
r-oldrel-macos-arm64 1.0.1 18.00 NOTE
r-oldrel-macos-x86_64 1.0.1 23.00 NOTE
r-oldrel-windows-ix86+x86_64 1.0.1 6.00 43.00 49.00 OK

Check Details

Version: 1.0.1
Check: dependencies in R code
Result: NOTE
    Namespace in Imports field not imported from: ‘mvtnorm’
     All declared Imports should be used.
Flavors: r-devel-linux-x86_64-fedora-clang, r-devel-linux-x86_64-fedora-gcc, r-release-macos-arm64, r-release-macos-x86_64, r-oldrel-macos-arm64, r-oldrel-macos-x86_64