CRAN Package Check Results for Package salso

Last updated on 2024-02-21 16:51:38 CET.

Flavor Version Tinstall Tcheck Ttotal Status Flags
r-devel-linux-x86_64-debian-clang 0.3.35 OK
r-devel-linux-x86_64-debian-gcc 0.3.35 104.69 33.23 137.92 OK
r-devel-linux-x86_64-fedora-clang 0.3.35 241.99 OK
r-devel-linux-x86_64-fedora-gcc 0.3.35 240.23 OK
r-devel-windows-x86_64 0.3.35 92.00 83.00 175.00 OK
r-patched-linux-x86_64 0.3.35 137.42 41.57 178.99 OK
r-release-linux-x86_64 0.3.35 133.58 41.20 174.78 OK
r-release-macos-arm64 0.3.35 64.00 NOTE
r-release-macos-x86_64 0.3.35 132.00 NOTE
r-release-windows-x86_64 0.3.35 88.00 94.00 182.00 OK
r-oldrel-macos-arm64 0.3.35 64.00 NOTE
r-oldrel-windows-x86_64 0.3.35 79.00 90.00 169.00 OK

Check Details

Version: 0.3.35
Check: installed package size
Result: NOTE installed size is 7.6Mb sub-directories of 1Mb or more: libs 7.3Mb Flavors: r-release-macos-arm64, r-release-macos-x86_64, r-oldrel-macos-arm64