CRAN Package Check Results for Package sambia

Last updated on 2022-01-26 07:52:58 CET.

Flavor Version Tinstall Tcheck Ttotal Status Flags
r-devel-linux-x86_64-debian-clang 0.1.0 9.71 110.16 119.87 NOTE
r-devel-linux-x86_64-debian-gcc 0.1.0 7.23 81.06 88.29 NOTE
r-devel-linux-x86_64-fedora-clang 0.1.0 138.89 NOTE
r-devel-linux-x86_64-fedora-gcc 0.1.0 128.90 NOTE
r-devel-windows-x86_64-new-UL 0.1.0 26.00 120.00 146.00 NOTE
r-devel-windows-x86_64-new-TK 0.1.0 NOTE
r-patched-linux-x86_64 0.1.0 9.54 100.88 110.42 NOTE
r-release-linux-x86_64 0.1.0 7.63 98.58 106.21 NOTE
r-release-macos-arm64 0.1.0 NOTE
r-release-macos-x86_64 0.1.0 NOTE
r-release-windows-ix86+x86_64 0.1.0 23.00 114.00 137.00 NOTE
r-oldrel-macos-x86_64 0.1.0 OK
r-oldrel-windows-ix86+x86_64 0.1.0 23.00 117.00 140.00 OK

Check Details

Version: 0.1.0
Check: LazyData
Result: NOTE
     'LazyData' is specified without a 'data' directory
Flavors: r-devel-linux-x86_64-debian-clang, r-devel-linux-x86_64-debian-gcc, r-devel-linux-x86_64-fedora-clang, r-devel-linux-x86_64-fedora-gcc, r-devel-windows-x86_64-new-UL, r-devel-windows-x86_64-new-TK, r-patched-linux-x86_64, r-release-linux-x86_64, r-release-macos-arm64, r-release-macos-x86_64, r-release-windows-ix86+x86_64