CRAN Package Check Results for Package samc

Last updated on 2022-09-28 00:52:53 CEST.

Flavor Version Tinstall Tcheck Ttotal Status Flags
r-devel-linux-x86_64-debian-clang 2.0.1 179.88 464.00 643.88 OK
r-devel-linux-x86_64-debian-gcc 2.0.1 155.07 352.32 507.39 OK
r-devel-linux-x86_64-fedora-clang 2.0.1 821.93 NOTE
r-devel-linux-x86_64-fedora-gcc 2.0.1 811.48 OK
r-devel-windows-x86_64 2.0.1 155.00 523.00 678.00 NOTE
r-patched-linux-x86_64 2.0.1 158.24 447.80 606.04 OK
r-release-linux-x86_64 2.0.1 173.74 447.41 621.15 OK
r-release-macos-arm64 2.0.1 209.00 NOTE
r-release-macos-x86_64 2.0.1 261.00 NOTE
r-release-windows-x86_64 2.0.1 159.00 522.00 681.00 NOTE
r-oldrel-macos-arm64 2.0.1 239.00 NOTE
r-oldrel-macos-x86_64 2.0.1 309.00 NOTE
r-oldrel-windows-ix86+x86_64 2.0.1 390.00 796.00 1186.00 NOTE

Check Details

Version: 2.0.1
Check: installed package size
Result: NOTE
     installed size is 5.4Mb
     sub-directories of 1Mb or more:
     doc 4.0Mb
Flavors: r-devel-linux-x86_64-fedora-clang, r-devel-windows-x86_64, r-release-macos-arm64, r-release-macos-x86_64, r-release-windows-x86_64, r-oldrel-macos-arm64, r-oldrel-macos-x86_64, r-oldrel-windows-ix86+x86_64