CRAN Package Check Results for Package sampSurf

Last updated on 2021-09-26 17:49:26 CEST.

Flavor Version Tinstall Tcheck Ttotal Status Flags
r-devel-linux-x86_64-debian-clang 0.7-6 45.96 316.15 362.11 NOTE
r-devel-linux-x86_64-debian-gcc 0.7-6 34.38 236.89 271.27 NOTE
r-devel-linux-x86_64-fedora-clang 0.7-6 436.22 NOTE
r-devel-linux-x86_64-fedora-gcc 0.7-6 460.20 NOTE
r-devel-windows-x86_64 0.7-6 48.00 305.00 353.00 NOTE
r-devel-windows-x86_64-gcc10-UCRT 0.7-6 NOTE
r-patched-linux-x86_64 0.7-6 51.32 301.88 353.20 NOTE
r-patched-solaris-x86 0.7-6 504.40 NOTE
r-release-linux-x86_64 0.7-6 44.29 304.12 348.41 NOTE
r-release-macos-arm64 0.7-6 NOTE
r-release-macos-x86_64 0.7-6 NOTE
r-release-windows-ix86+x86_64 0.7-6 93.00 280.00 373.00 NOTE
r-oldrel-macos-x86_64 0.7-6 OK
r-oldrel-windows-ix86+x86_64 0.7-6 61.00 298.00 359.00 OK

Check Details

Version: 0.7-6
Check: LazyData
Result: NOTE
     'LazyData' is specified without a 'data' directory
Flavors: r-devel-linux-x86_64-debian-clang, r-devel-linux-x86_64-debian-gcc, r-devel-linux-x86_64-fedora-clang, r-devel-linux-x86_64-fedora-gcc, r-devel-windows-x86_64, r-devel-windows-x86_64-gcc10-UCRT, r-patched-linux-x86_64, r-patched-solaris-x86, r-release-linux-x86_64, r-release-macos-arm64, r-release-macos-x86_64, r-release-windows-ix86+x86_64