CRAN Package Check Results for Package samplesize4surveys

Last updated on 2020-04-10 04:48:57 CEST.

Flavor Version Tinstall Tcheck Ttotal Status Flags
r-devel-linux-x86_64-debian-clang 4.1.1 10.31 87.94 98.25 OK
r-devel-linux-x86_64-debian-gcc 4.1.1 10.05 68.47 78.52 OK
r-devel-linux-x86_64-fedora-clang 4.1.1 116.66 OK
r-devel-linux-x86_64-fedora-gcc 4.1.1 122.32 OK
r-devel-windows-ix86+x86_64 4.1.1 20.00 86.00 106.00 OK
r-devel-windows-ix86+x86_64-gcc8 4.1.1 19.00 92.00 111.00 OK
r-patched-linux-x86_64 4.1.1 11.04 84.39 95.43 OK
r-patched-osx-x86_64 4.1.1 WARN
r-patched-solaris-x86 4.1.1 169.80 OK
r-release-linux-x86_64 4.1.1 8.92 82.37 91.29 OK
r-release-windows-ix86+x86_64 4.1.1 28.00 128.00 156.00 OK
r-release-osx-x86_64 4.1.1 OK
r-oldrel-windows-ix86+x86_64 4.1.1 19.00 98.00 117.00 OK
r-oldrel-osx-x86_64 4.1.1 OK

Check Details

Version: 4.1.1
Check: re-building of vignette outputs
Result: WARN
    Error(s) in re-building vignettes:
    --- re-building ‘Power-and-sample-size.Rmd’ using rmarkdown
    Loading required package: TeachingSampling
    Loading required package: dplyr
    
    Attaching package: 'dplyr'
    
    The following objects are masked from 'package:stats':
    
     filter, lag
    
    The following objects are masked from 'package:base':
    
     intersect, setdiff, setequal, union
    
    Loading required package: magrittr
    Loading required package: timeDate
    With the parameters of this function: N = 1000 n = 873 P1 = 0.5 P2 = 0.5 D = 0.03 DEFF = 2 conf = 0.95 .
    The estimated power of the test is 80.02283 .
    
    dyld: lazy symbol binding failed: Symbol not found: ____chkstk_darwin
     Referenced from: /usr/local/bin/pandoc (which was built for Mac OS X 10.15)
     Expected in: /usr/lib/libSystem.B.dylib
    
    dyld: Symbol not found: ____chkstk_darwin
     Referenced from: /usr/local/bin/pandoc (which was built for Mac OS X 10.15)
     Expected in: /usr/lib/libSystem.B.dylib
    
    Error: processing vignette 'Power-and-sample-size.Rmd' failed with diagnostics:
    pandoc document conversion failed with error 6
    --- failed re-building ‘Power-and-sample-size.Rmd’
    
    SUMMARY: processing the following file failed:
     ‘Power-and-sample-size.Rmd’
    
    Error: Vignette re-building failed.
    Execution halted
Flavor: r-patched-osx-x86_64