CRAN Package Check Results for Package sampling

Last updated on 2019-11-20 04:47:28 CET.

Flavor Version Tinstall Tcheck Ttotal Status Flags
r-devel-linux-x86_64-debian-clang 2.8 7.89 92.33 100.22 OK
r-devel-linux-x86_64-debian-gcc 2.8 6.24 70.00 76.24 OK
r-devel-linux-x86_64-fedora-clang 2.8 114.26 NOTE
r-devel-linux-x86_64-fedora-gcc 2.8 120.36 NOTE
r-devel-windows-ix86+x86_64 2.8 31.00 598.00 629.00 OK
r-devel-windows-ix86+x86_64-gcc8 2.8 18.00 673.00 691.00 OK
r-patched-linux-x86_64 2.8 7.31 88.99 96.30 OK
r-patched-solaris-x86 2.8 175.50 OK
r-release-linux-x86_64 2.8 7.28 90.36 97.64 OK
r-release-windows-ix86+x86_64 2.8 11.00 656.00 667.00 OK
r-release-osx-x86_64 2.8 OK
r-oldrel-windows-ix86+x86_64 2.8 17.00 144.00 161.00 OK
r-oldrel-osx-x86_64 2.8 OK

Check Details

Version: 2.8
Check: compiled code
Result: NOTE
    File ‘sampling/libs/sampling.so’:
     Found no calls to: ‘R_registerRoutines’, ‘R_useDynamicSymbols’
    
    It is good practice to register native routines and to disable symbol
    search.
    
    See ‘Writing portable packages’ in the ‘Writing R Extensions’ manual.
Flavors: r-devel-linux-x86_64-fedora-clang, r-devel-linux-x86_64-fedora-gcc