CRAN Package Check Results for Package sampling

Last updated on 2019-06-17 10:48:29 CEST.

Flavor Version Tinstall Tcheck Ttotal Status Flags
r-devel-linux-x86_64-debian-clang 2.8 7.04 87.42 94.46 OK
r-devel-linux-x86_64-debian-gcc 2.8 5.72 67.22 72.94 OK
r-devel-linux-x86_64-fedora-clang 2.8 111.67 NOTE
r-devel-linux-x86_64-fedora-gcc 2.8 112.05 NOTE
r-devel-windows-ix86+x86_64 2.8 19.00 643.00 662.00 OK
r-patched-linux-x86_64 2.8 7.08 91.47 98.55 OK
r-patched-solaris-x86 2.8 183.40 OK
r-release-linux-x86_64 2.8 7.54 92.23 99.77 OK
r-release-windows-ix86+x86_64 2.8 13.00 472.00 485.00 OK
r-release-osx-x86_64 2.8 OK
r-oldrel-windows-ix86+x86_64 2.8 9.00 143.00 152.00 OK
r-oldrel-osx-x86_64 2.8 OK

Check Details

Version: 2.8
Check: compiled code
Result: NOTE
    File ‘sampling/libs/sampling.so’:
     Found no calls to: ‘R_registerRoutines’, ‘R_useDynamicSymbols’
    
    It is good practice to register native routines and to disable symbol
    search.
    
    See ‘Writing portable packages’ in the ‘Writing R Extensions’ manual.
Flavors: r-devel-linux-x86_64-fedora-clang, r-devel-linux-x86_64-fedora-gcc