Last updated on 2023-03-23 17:52:27 CET.
Flavor | Version | Tinstall | Tcheck | Ttotal | Status | Flags |
---|---|---|---|---|---|---|
r-devel-linux-x86_64-debian-clang | 3.0 | 12.46 | 100.22 | 112.68 | NOTE | |
r-devel-linux-x86_64-debian-gcc | 3.0 | 8.99 | 75.47 | 84.46 | NOTE | |
r-devel-linux-x86_64-fedora-clang | 3.0 | 139.92 | NOTE | |||
r-devel-linux-x86_64-fedora-gcc | 3.0 | 130.49 | NOTE | |||
r-patched-linux-x86_64 | 3.0 | 7.93 | 97.42 | 105.35 | OK | |
r-release-linux-x86_64 | 3.0 | 6.75 | 99.12 | 105.87 | OK | |
r-release-macos-arm64 | 3.0 | 44.00 | OK | |||
r-release-macos-x86_64 | 3.0 | 77.00 | OK | |||
r-release-windows-x86_64 | 3.0 | 33.00 | 177.00 | 210.00 | OK | |
r-oldrel-macos-arm64 | 3.0 | 50.00 | OK | |||
r-oldrel-macos-x86_64 | 3.0 | 62.00 | OK | |||
r-oldrel-windows-ix86+x86_64 | 3.0 | 25.00 | 181.00 | 206.00 | OK |
Version: 3.0
Check: Rd files
Result: NOTE
checkRd: (-1) SAM.Rd:67: Escaped LaTeX specials: \$
checkRd: (-1) samr.Rd:59: Escaped LaTeX specials: \$
checkRd: (-1) samr.Rd:84: Escaped LaTeX specials: \# \$
checkRd: (-1) samr.Rd:88: Escaped LaTeX specials: \$
checkRd: (-1) samr.Rd:92: Escaped LaTeX specials: \$
checkRd: (-1) samr.Rd:97: Escaped LaTeX specials: \#
checkRd: (-1) samr.assess.samplesize.plot.Rd:12: Escaped LaTeX specials: \#
Flavors: r-devel-linux-x86_64-debian-clang, r-devel-linux-x86_64-debian-gcc, r-devel-linux-x86_64-fedora-clang, r-devel-linux-x86_64-fedora-gcc