Last updated on 2023-10-04 01:59:29 CEST.
Flavor | Version | Tinstall | Tcheck | Ttotal | Status | Flags |
---|---|---|---|---|---|---|
r-devel-linux-x86_64-debian-clang | 0.1.0 | 86.66 | 141.93 | 228.59 | NOTE | |
r-devel-linux-x86_64-debian-gcc | 0.1.0 | 64.08 | 104.83 | 168.91 | NOTE | |
r-devel-linux-x86_64-fedora-clang | 0.1.0 | 315.49 | NOTE | |||
r-devel-linux-x86_64-fedora-gcc | 0.1.0 | 313.40 | NOTE | |||
r-devel-windows-x86_64 | 0.1.0 | 67.00 | 146.00 | 213.00 | NOTE | |
r-patched-linux-x86_64 | 0.1.0 | 81.59 | 136.48 | 218.07 | NOTE | |
r-release-linux-x86_64 | 0.1.0 | 84.35 | 135.67 | 220.02 | NOTE | |
r-release-macos-arm64 | 0.1.0 | 85.00 | NOTE | |||
r-release-macos-x86_64 | 0.1.0 | 156.00 | NOTE | |||
r-release-windows-x86_64 | 0.1.0 | 87.00 | 177.00 | 264.00 | NOTE | |
r-oldrel-macos-arm64 | 0.1.0 | 82.00 | NOTE | |||
r-oldrel-macos-x86_64 | 0.1.0 | 101.00 | NOTE | |||
r-oldrel-windows-x86_64 | 0.1.0 | 87.00 | 174.00 | 261.00 | NOTE |
Version: 0.1.0
Check: C++ specification
Result: NOTE
Specified C++11: please drop specification unless essential
Flavors: r-devel-linux-x86_64-debian-clang, r-devel-linux-x86_64-debian-gcc, r-devel-linux-x86_64-fedora-clang, r-devel-linux-x86_64-fedora-gcc, r-devel-windows-x86_64, r-patched-linux-x86_64, r-release-linux-x86_64, r-release-macos-arm64, r-release-macos-x86_64, r-release-windows-x86_64
Version: 0.1.0
Check: installed package size
Result: NOTE
installed size is 6.6Mb
sub-directories of 1Mb or more:
doc 2.3Mb
help 3.4Mb
Flavors: r-devel-linux-x86_64-fedora-clang, r-devel-windows-x86_64, r-release-macos-arm64, r-release-macos-x86_64, r-release-windows-x86_64, r-oldrel-macos-arm64, r-oldrel-macos-x86_64, r-oldrel-windows-x86_64