CRAN Package Check Results for Package sand

Last updated on 2022-11-28 11:51:27 CET.

Flavor Version Tinstall Tcheck Ttotal Status Flags
r-devel-linux-x86_64-debian-clang 2.0.0 2.22 36.77 38.99 NOTE
r-devel-linux-x86_64-debian-gcc 2.0.0 2.81 28.59 31.40 NOTE
r-devel-linux-x86_64-fedora-clang 2.0.0 66.18 NOTE
r-devel-linux-x86_64-fedora-gcc 2.0.0 63.77 NOTE
r-devel-windows-x86_64 2.0.0 14.00 69.00 83.00 OK
r-patched-linux-x86_64 2.0.0 3.83 35.59 39.42 NOTE
r-release-linux-x86_64 2.0.0 3.29 35.05 38.34 NOTE
r-release-macos-arm64 2.0.0 22.00 NOTE
r-release-macos-x86_64 2.0.0 24.00 NOTE
r-release-windows-x86_64 2.0.0 7.00 68.00 75.00 OK
r-oldrel-macos-arm64 2.0.0 25.00 NOTE
r-oldrel-macos-x86_64 2.0.0 34.00 NOTE
r-oldrel-windows-ix86+x86_64 2.0.0 8.00 62.00 70.00 OK

Check Details

Version: 2.0.0
Check: package dependencies
Result: NOTE
    Package suggested but not available for checking: 'networkTomography'
Flavors: r-devel-linux-x86_64-debian-clang, r-devel-linux-x86_64-debian-gcc, r-devel-linux-x86_64-fedora-clang, r-devel-linux-x86_64-fedora-gcc, r-patched-linux-x86_64, r-release-linux-x86_64

Version: 2.0.0
Check: data for non-ASCII characters
Result: NOTE
     Note: found 6 marked UTF-8 strings
Flavors: r-devel-linux-x86_64-fedora-clang, r-devel-linux-x86_64-fedora-gcc, r-release-macos-arm64, r-release-macos-x86_64, r-oldrel-macos-arm64, r-oldrel-macos-x86_64

Version: 2.0.0
Check: package dependencies
Result: NOTE
    Packages suggested but not available for checking:
     'GO.db', 'GOstats', 'org.Sc.sgd.db'
Flavors: r-release-macos-arm64, r-oldrel-macos-arm64

Version: 2.0.0
Check: package dependencies
Result: NOTE
    Packages suggested but not available for checking: 'GO.db', 'org.Sc.sgd.db'
Flavor: r-oldrel-macos-x86_64