CRAN Package Check Results for Package sandwich

Last updated on 2022-10-05 04:07:22 CEST.

Flavor Version Tinstall Tcheck Ttotal Status Flags
r-devel-linux-x86_64-debian-clang 3.0-2 5.44 325.45 330.89 OK
r-devel-linux-x86_64-debian-gcc 3.0-2 3.77 240.43 244.20 OK
r-devel-linux-x86_64-fedora-clang 3.0-2 421.94 OK
r-devel-linux-x86_64-fedora-gcc 3.0-2 411.03 OK
r-devel-windows-x86_64 3.0-2 10.00 390.00 400.00 OK
r-patched-linux-x86_64 3.0-2 6.31 276.76 283.07 OK
r-release-linux-x86_64 3.0-2 5.24 277.48 282.72 OK
r-release-macos-arm64 3.0-2 138.00 OK
r-release-macos-x86_64 3.0-2 157.00 NOTE
r-release-windows-x86_64 3.0-2 45.00 380.00 425.00 OK
r-oldrel-macos-arm64 3.0-2 134.00 OK
r-oldrel-macos-x86_64 3.0-2 163.00 OK
r-oldrel-windows-ix86+x86_64 3.0-2 11.00 340.00 351.00 OK

Additional issues

ATLAS M1mac MKL OpenBLAS

Check Details

Version: 3.0-2
Check: package dependencies
Result: NOTE
    Package suggested but not available for checking: ‘pcse’
Flavor: r-release-macos-x86_64

Version: 3.0-2
Check: running R code from vignettes
Result: NOTE
     ‘sandwich-CL.Rnw’... [7s/7s] NOTE
    differences from ‘sandwich-CL.Rout.save’
    63,64c63,69
    < Warning in library(package, lib.loc = lib.loc, character.only = TRUE, logical.return = TRUE, :
    < there is no package called 'pcse'
    ---
    >
    > Attaching package: 'pcse'
    >
    > The following object is masked from 'package:sandwich':
    >
    > vcovPC
    >
    165,166c170,171
    < (Intercept) 0.022201 0.028359
    < x 0.025276 0.028583
    ---
    > (Intercept) 0.022201 0.022201
    > x 0.025276 0.025276
    176,177c181,182
    < (Intercept) 0.022070 0.028359 0.022603 0.028359
    < x 0.025338 0.028581 0.025241 0.028581
    ---
    > (Intercept) 0.022070 0.022070 0.022603 0.022603
    > x 0.025338 0.025338 0.025241 0.025241
     ‘sandwich-OOP.Rnw’... [2s/2s] OK
     ‘sandwich.Rnw’... [1s/1s] OK
Flavor: r-release-macos-x86_64