CRAN Package Check Results for Package sandwich

Last updated on 2024-02-27 23:55:49 CET.

Flavor Version Tinstall Tcheck Ttotal Status Flags
r-devel-linux-x86_64-debian-clang 3.1-0 6.10 202.84 208.94 NOTE
r-devel-linux-x86_64-debian-gcc 3.1-0 5.26 155.42 160.68 NOTE
r-devel-linux-x86_64-fedora-clang 3.1-0 267.58 NOTE
r-devel-linux-x86_64-fedora-gcc 3.1-0 291.74 NOTE
r-devel-windows-x86_64 3.1-0 6.00 232.00 238.00 NOTE
r-patched-linux-x86_64 3.1-0 7.72 205.06 212.78 NOTE
r-release-linux-x86_64 3.1-0 4.89 205.70 210.59 NOTE
r-release-macos-arm64 3.1-0 139.00 OK
r-release-macos-x86_64 3.1-0 363.00 OK
r-release-windows-x86_64 3.1-0 8.00 246.00 254.00 NOTE
r-oldrel-macos-arm64 3.1-0 114.00 OK
r-oldrel-windows-x86_64 3.1-0 8.00 248.00 256.00 NOTE

Check Details

Version: 3.1-0
Check: running R code from vignettes
Result: NOTE ‘sandwich-CL.Rnw’... [17s/19s] NOTE differences from ‘sandwich-CL.Rout.save’ 82c82 < Classes and Methods for R originally developed in the --- > Classes and Methods for R developed in the 85,87c85,87 < Stanford University (2002-2015), < by and under the direction of Simon Jackman. < hurdle and zeroinfl functions by Achim Zeileis. --- > Stanford University > Simon Jackman > hurdle and zeroinfl functions by Achim Zeileis ‘sandwich-OOP.Rnw’... [3s/3s] OK ‘sandwich.Rnw’... [1s/2s] OK Flavor: r-devel-linux-x86_64-debian-clang

Version: 3.1-0
Check: running R code from vignettes
Result: NOTE ‘sandwich-CL.Rnw’... [11s/17s] NOTE differences from ‘sandwich-CL.Rout.save’ 82c82 < Classes and Methods for R originally developed in the --- > Classes and Methods for R developed in the 85,87c85,87 < Stanford University (2002-2015), < by and under the direction of Simon Jackman. < hurdle and zeroinfl functions by Achim Zeileis. --- > Stanford University > Simon Jackman > hurdle and zeroinfl functions by Achim Zeileis ‘sandwich-OOP.Rnw’... [2s/4s] OK ‘sandwich.Rnw’... [1s/2s] OK Flavor: r-devel-linux-x86_64-debian-gcc

Version: 3.1-0
Check: running R code from vignettes
Result: NOTE ‘sandwich-CL.Rnw’... [20s/26s] NOTE differences from ‘sandwich-CL.Rout.save’ 82c82 < Classes and Methods for R originally developed in the --- > Classes and Methods for R developed in the 85,87c85,87 < Stanford University (2002-2015), < by and under the direction of Simon Jackman. < hurdle and zeroinfl functions by Achim Zeileis. --- > Stanford University > Simon Jackman > hurdle and zeroinfl functions by Achim Zeileis ‘sandwich-OOP.Rnw’... OK ‘sandwich.Rnw’... OK Flavor: r-devel-linux-x86_64-fedora-clang

Version: 3.1-0
Check: running R code from vignettes
Result: NOTE ‘sandwich-CL.Rnw’... [19s/47s] NOTE differences from ‘sandwich-CL.Rout.save’ 82c82 < Classes and Methods for R originally developed in the --- > Classes and Methods for R developed in the 85,87c85,87 < Stanford University (2002-2015), < by and under the direction of Simon Jackman. < hurdle and zeroinfl functions by Achim Zeileis. --- > Stanford University > Simon Jackman > hurdle and zeroinfl functions by Achim Zeileis ‘sandwich-OOP.Rnw’... OK ‘sandwich.Rnw’... OK Flavor: r-devel-linux-x86_64-fedora-gcc

Version: 3.1-0
Check: running R code from vignettes
Result: NOTE 'sandwich-CL.Rnw'... [12s] NOTE differences from 'sandwich-CL.Rout.save' 82c82 < Classes and Methods for R originally developed in the --- > Classes and Methods for R developed in the 85,87c85,87 < Stanford University (2002-2015), < by and under the direction of Simon Jackman. < hurdle and zeroinfl functions by Achim Zeileis. --- > Stanford University > Simon Jackman > hurdle and zeroinfl functions by Achim Zeileis 'sandwich-OOP.Rnw'... [2s] OK 'sandwich.Rnw'... [1s] OK Flavor: r-devel-windows-x86_64

Version: 3.1-0
Check: running R code from vignettes
Result: NOTE ‘sandwich-CL.Rnw’... [14s/16s] NOTE differences from ‘sandwich-CL.Rout.save’ 82c82 < Classes and Methods for R originally developed in the --- > Classes and Methods for R developed in the 85,87c85,87 < Stanford University (2002-2015), < by and under the direction of Simon Jackman. < hurdle and zeroinfl functions by Achim Zeileis. --- > Stanford University > Simon Jackman > hurdle and zeroinfl functions by Achim Zeileis ‘sandwich-OOP.Rnw’... [3s/4s] OK ‘sandwich.Rnw’... [1s/2s] OK Flavor: r-patched-linux-x86_64

Version: 3.1-0
Check: running R code from vignettes
Result: NOTE ‘sandwich-CL.Rnw’... [15s/17s] NOTE differences from ‘sandwich-CL.Rout.save’ 82c82 < Classes and Methods for R originally developed in the --- > Classes and Methods for R developed in the 85,87c85,87 < Stanford University (2002-2015), < by and under the direction of Simon Jackman. < hurdle and zeroinfl functions by Achim Zeileis. --- > Stanford University > Simon Jackman > hurdle and zeroinfl functions by Achim Zeileis ‘sandwich-OOP.Rnw’... [3s/4s] OK ‘sandwich.Rnw’... [1s/2s] OK Flavor: r-release-linux-x86_64

Version: 3.1-0
Check: running R code from vignettes
Result: NOTE 'sandwich-CL.Rnw'... [13s] NOTE differences from 'sandwich-CL.Rout.save' 82c82 < Classes and Methods for R originally developed in the --- > Classes and Methods for R developed in the 85,87c85,87 < Stanford University (2002-2015), < by and under the direction of Simon Jackman. < hurdle and zeroinfl functions by Achim Zeileis. --- > Stanford University > Simon Jackman > hurdle and zeroinfl functions by Achim Zeileis 'sandwich-OOP.Rnw'... [3s] OK 'sandwich.Rnw'... [1s] OK Flavor: r-release-windows-x86_64

Version: 3.1-0
Check: running R code from vignettes
Result: NOTE 'sandwich-CL.Rnw'... [14s] NOTE differences from 'sandwich-CL.Rout.save' 82c82 < Classes and Methods for R originally developed in the --- > Classes and Methods for R developed in the 85,87c85,87 < Stanford University (2002-2015), < by and under the direction of Simon Jackman. < hurdle and zeroinfl functions by Achim Zeileis. --- > Stanford University > Simon Jackman > hurdle and zeroinfl functions by Achim Zeileis 'sandwich-OOP.Rnw'... [3s] OK 'sandwich.Rnw'... [1s] OK Flavor: r-oldrel-windows-x86_64