CRAN Package Check Results for Package sanitizers

Last updated on 2018-07-19 07:50:32 CEST.

Flavor Version Tinstall Tcheck Ttotal Status Flags
r-devel-linux-x86_64-debian-clang 0.1.0 1.60 14.26 15.86 NOTE
r-devel-linux-x86_64-debian-gcc 0.1.0 1.15 13.18 14.33 NOTE
r-devel-linux-x86_64-fedora-clang 0.1.0 21.04 NOTE
r-devel-linux-x86_64-fedora-gcc 0.1.0 19.19 NOTE
r-devel-windows-ix86+x86_64 0.1.0 9.00 33.00 42.00 OK
r-patched-linux-x86_64 0.1.0 1.45 15.31 16.76 NOTE
r-patched-solaris-x86 0.1.0 37.20 OK
r-release-linux-x86_64 0.1.0 1.46 15.40 16.86 NOTE
r-release-windows-ix86+x86_64 0.1.0 9.00 32.00 41.00 OK
r-release-osx-x86_64 0.1.0 OK
r-oldrel-windows-ix86+x86_64 0.1.0 6.00 28.00 34.00 OK
r-oldrel-osx-x86_64 0.1.0 OK

Check Details

Version: 0.1.0
Check: compiled code
Result: NOTE
    File ‘sanitizers/libs/sanitizers.so’:
     Found no calls to: ‘R_registerRoutines’, ‘R_useDynamicSymbols’
    
    It is good practice to register native routines and to disable symbol
    search.
    
    See ‘Writing portable packages’ in the ‘Writing R Extensions’ manual.
Flavors: r-devel-linux-x86_64-debian-clang, r-devel-linux-x86_64-debian-gcc, r-devel-linux-x86_64-fedora-clang, r-devel-linux-x86_64-fedora-gcc, r-patched-linux-x86_64, r-release-linux-x86_64