CRAN Package Check Results for Package sanitizers

Last updated on 2018-01-22 02:49:30 CET.

Flavor Version Tinstall Tcheck Ttotal Status Flags
r-devel-linux-x86_64-debian-clang 0.1.0 1.30 14.76 16.06 NOTE
r-devel-linux-x86_64-debian-gcc 0.1.0 0.94 12.38 13.32 NOTE
r-devel-linux-x86_64-fedora-clang 0.1.0 20.10 NOTE
r-devel-linux-x86_64-fedora-gcc 0.1.0 18.72 NOTE
r-devel-windows-ix86+x86_64 0.1.0 10.00 29.00 39.00 ERROR
r-patched-linux-x86_64 0.1.0 1.29 14.08 15.37 NOTE
r-patched-solaris-x86 0.1.0 30.20 OK
r-release-linux-x86_64 0.1.0 1.44 14.10 15.54 NOTE
r-release-windows-ix86+x86_64 0.1.0 6.00 28.00 34.00 OK
r-release-osx-x86_64 0.1.0 OK
r-oldrel-windows-ix86+x86_64 0.1.0 5.00 24.00 29.00 OK
r-oldrel-osx-x86_64 0.1.0 OK

Check Details

Version: 0.1.0
Check: compiled code
Result: NOTE
    File ‘sanitizers/libs/sanitizers.so’:
     Found no calls to: ‘R_registerRoutines’, ‘R_useDynamicSymbols’
    
    It is good practice to register native routines and to disable symbol
    search.
    
    See ‘Writing portable packages’ in the ‘Writing R Extensions’ manual.
Flavors: r-devel-linux-x86_64-debian-clang, r-devel-linux-x86_64-debian-gcc, r-devel-linux-x86_64-fedora-clang, r-devel-linux-x86_64-fedora-gcc, r-patched-linux-x86_64, r-release-linux-x86_64

Version: 0.1.0
Check: running tests for arch ‘x64’
Result: ERROR
     Running 'testHeapAddressSanitize.R' [0s]
     Running 'testStackAddressSanitize.R' [0s]
    Running the tests in 'tests/testHeapAddressSanitize.R' failed.
    Complete output:
     >
     > library(sanitizers)
     > heapAddressSanitize(42)
Flavor: r-devel-windows-ix86+x86_64