CRAN Package Check Results for Package sanitizers

Last updated on 2018-04-19 18:55:45 CEST.

Flavor Version Tinstall Tcheck Ttotal Status Flags
r-devel-linux-x86_64-debian-clang 0.1.0 1.62 14.35 15.97 NOTE
r-devel-linux-x86_64-debian-gcc 0.1.0 1.07 12.34 13.41 NOTE
r-devel-linux-x86_64-fedora-clang 0.1.0 20.05 NOTE
r-devel-linux-x86_64-fedora-gcc 0.1.0 18.64 NOTE
r-devel-windows-ix86+x86_64 0.1.0 6.00 45.00 51.00 OK
r-devel-osx-x86_64 0.1.0 OK
r-patched-linux-x86_64 0.1.0 1.32 14.92 16.24 NOTE
r-patched-solaris-x86 0.1.0 33.20 OK
r-release-linux-x86_64 0.1.0 1.41 14.08 15.49 NOTE
r-release-windows-ix86+x86_64 0.1.0 6.00 28.00 34.00 OK
r-release-osx-x86_64 0.1.0 OK
r-oldrel-windows-ix86+x86_64 0.1.0 5.00 24.00 29.00 OK

Check Details

Version: 0.1.0
Check: compiled code
Result: NOTE
    File ‘sanitizers/libs/sanitizers.so’:
     Found no calls to: ‘R_registerRoutines’, ‘R_useDynamicSymbols’
    
    It is good practice to register native routines and to disable symbol
    search.
    
    See ‘Writing portable packages’ in the ‘Writing R Extensions’ manual.
Flavors: r-devel-linux-x86_64-debian-clang, r-devel-linux-x86_64-debian-gcc, r-devel-linux-x86_64-fedora-clang, r-devel-linux-x86_64-fedora-gcc, r-patched-linux-x86_64, r-release-linux-x86_64