Last updated on 2023-03-29 06:04:56 CEST.
Flavor | Version | Tinstall | Tcheck | Ttotal | Status | Flags |
---|---|---|---|---|---|---|
r-devel-linux-x86_64-debian-clang | 0.1.0 | 2.99 | 19.42 | 22.41 | OK | |
r-devel-linux-x86_64-debian-gcc | 0.1.0 | 2.60 | 15.79 | 18.39 | OK | |
r-devel-linux-x86_64-fedora-clang | 0.1.0 | 29.26 | NOTE | |||
r-devel-linux-x86_64-fedora-gcc | 0.1.0 | 27.87 | NOTE | |||
r-patched-linux-x86_64 | 0.1.0 | 2.94 | 18.98 | 21.92 | OK | |
r-release-linux-x86_64 | 0.1.0 | 2.39 | 21.09 | 23.48 | OK | |
r-release-macos-arm64 | 0.1.0 | 13.00 | OK | |||
r-release-macos-x86_64 | 0.1.0 | 21.00 | OK | |||
r-release-windows-x86_64 | 0.1.0 | 7.00 | 44.00 | 51.00 | OK | |
r-oldrel-macos-arm64 | 0.1.0 | 19.00 | OK | |||
r-oldrel-macos-x86_64 | 0.1.0 | 24.00 | OK | |||
r-oldrel-windows-ix86+x86_64 | 0.1.0 | 7.00 | 29.00 | 36.00 | OK |
Version: 0.1.0
Check: compiled code
Result: NOTE
File ‘sanitizers/libs/sanitizers.so’:
Found no calls to: ‘R_registerRoutines’, ‘R_useDynamicSymbols’
It is good practice to register native routines and to disable symbol
search.
See ‘Writing portable packages’ in the ‘Writing R Extensions’ manual.
Flavors: r-devel-linux-x86_64-fedora-clang, r-devel-linux-x86_64-fedora-gcc