CRAN Package Check Results for Package sanitizers

Last updated on 2017-11-18 06:47:23.

Flavor Version Tinstall Tcheck Ttotal Status Flags
r-devel-linux-x86_64-debian-clang 0.1.0 1.03 10.14 11.17 NOTE
r-devel-linux-x86_64-debian-gcc 0.1.0 1.00 10.92 11.92 NOTE
r-devel-linux-x86_64-fedora-clang 0.1.0 17.83 NOTE
r-devel-linux-x86_64-fedora-gcc 0.1.0 17.52 NOTE
r-devel-windows-ix86+x86_64 0.1.0 11.00 30.00 41.00 OK
r-patched-linux-x86_64 0.1.0 1.02 10.18 11.21 NOTE
r-patched-solaris-x86 0.1.0 30.40 OK
r-release-linux-x86_64 0.1.0 1.04 10.43 11.47 NOTE
r-release-windows-ix86+x86_64 0.1.0 6.00 28.00 34.00 OK
r-release-osx-x86_64 0.1.0 OK
r-oldrel-windows-ix86+x86_64 0.1.0 5.00 24.00 29.00 OK
r-oldrel-osx-x86_64 0.1.0 OK

Check Details

Version: 0.1.0
Check: compiled code
Result: NOTE
    File ‘sanitizers/libs/sanitizers.so’:
     Found no calls to: ‘R_registerRoutines’, ‘R_useDynamicSymbols’
    
    It is good practice to register native routines and to disable symbol
    search.
    
    See ‘Writing portable packages’ in the ‘Writing R Extensions’ manual.
Flavors: r-devel-linux-x86_64-debian-clang, r-devel-linux-x86_64-debian-gcc, r-devel-linux-x86_64-fedora-clang, r-devel-linux-x86_64-fedora-gcc, r-patched-linux-x86_64, r-release-linux-x86_64