CRAN Package Check Results for Package sanitizers

Last updated on 2019-01-22 01:51:11 CET.

Flavor Version Tinstall Tcheck Ttotal Status Flags
r-devel-linux-x86_64-debian-clang 0.1.0 1.75 16.55 18.30 OK
r-devel-linux-x86_64-debian-gcc 0.1.0 1.13 13.38 14.51 OK
r-devel-linux-x86_64-fedora-clang 0.1.0 21.86 NOTE
r-devel-linux-x86_64-fedora-gcc 0.1.0 20.22 NOTE
r-devel-windows-ix86+x86_64 0.1.0 9.00 33.00 42.00 OK
r-patched-linux-x86_64 0.1.0 1.36 15.26 16.62 OK
r-patched-solaris-x86 0.1.0 34.00 OK
r-release-linux-x86_64 0.1.0 1.35 15.42 16.77 OK
r-release-windows-ix86+x86_64 0.1.0 6.00 34.00 40.00 OK
r-release-osx-x86_64 0.1.0 OK
r-oldrel-windows-ix86+x86_64 0.1.0 6.00 44.00 50.00 OK
r-oldrel-osx-x86_64 0.1.0 OK

Check Details

Version: 0.1.0
Check: compiled code
Result: NOTE
    File ‘sanitizers/libs/sanitizers.so’:
     Found no calls to: ‘R_registerRoutines’, ‘R_useDynamicSymbols’
    
    It is good practice to register native routines and to disable symbol
    search.
    
    See ‘Writing portable packages’ in the ‘Writing R Extensions’ manual.
Flavors: r-devel-linux-x86_64-fedora-clang, r-devel-linux-x86_64-fedora-gcc