CRAN Package Check Results for Package sanitizers

Last updated on 2018-10-22 01:51:10 CEST.

Flavor Version Tinstall Tcheck Ttotal Status Flags
r-devel-linux-x86_64-debian-clang 0.1.0 1.57 16.61 18.18 OK
r-devel-linux-x86_64-debian-gcc 0.1.0 1.23 13.89 15.12 OK
r-devel-linux-x86_64-fedora-clang 0.1.0 22.30 NOTE
r-devel-linux-x86_64-fedora-gcc 0.1.0 21.02 NOTE
r-devel-windows-ix86+x86_64 0.1.0 9.00 35.00 44.00 OK
r-patched-linux-x86_64 0.1.0 1.37 14.95 16.32 OK
r-patched-solaris-x86 0.1.0 32.40 OK
r-release-linux-x86_64 0.1.0 1.18 15.60 16.78 OK
r-release-windows-ix86+x86_64 0.1.0 9.00 32.00 41.00 OK
r-release-osx-x86_64 0.1.0 OK
r-oldrel-windows-ix86+x86_64 0.1.0 6.00 28.00 34.00 OK
r-oldrel-osx-x86_64 0.1.0 OK

Check Details

Version: 0.1.0
Check: compiled code
Result: NOTE
    File ‘sanitizers/libs/sanitizers.so’:
     Found no calls to: ‘R_registerRoutines’, ‘R_useDynamicSymbols’
    
    It is good practice to register native routines and to disable symbol
    search.
    
    See ‘Writing portable packages’ in the ‘Writing R Extensions’ manual.
Flavors: r-devel-linux-x86_64-fedora-clang, r-devel-linux-x86_64-fedora-gcc