CRAN Package Check Results for Package sanitizers

Last updated on 2021-09-23 16:50:39 CEST.

Flavor Version Tinstall Tcheck Ttotal Status Flags
r-devel-linux-x86_64-debian-clang 0.1.0 2.78 19.82 22.60 OK
r-devel-linux-x86_64-debian-gcc 0.1.0 1.87 16.30 18.17 OK
r-devel-linux-x86_64-fedora-clang 0.1.0 37.16 NOTE
r-devel-linux-x86_64-fedora-gcc 0.1.0 26.85 NOTE
r-devel-windows-x86_64 0.1.0 4.00 29.00 33.00 OK
r-devel-windows-x86_64-gcc10-UCRT 0.1.0 OK
r-patched-linux-x86_64 0.1.0 2.52 20.07 22.59 OK
r-patched-solaris-x86 0.1.0 41.70 OK
r-release-linux-x86_64 0.1.0 2.21 20.03 22.24 OK
r-release-macos-arm64 0.1.0 OK
r-release-macos-x86_64 0.1.0 OK
r-release-windows-ix86+x86_64 0.1.0 7.00 29.00 36.00 OK
r-oldrel-macos-x86_64 0.1.0 OK
r-oldrel-windows-ix86+x86_64 0.1.0 6.00 29.00 35.00 OK

Check Details

Version: 0.1.0
Check: compiled code
Result: NOTE
    File ‘sanitizers/libs/sanitizers.so’:
     Found no calls to: ‘R_registerRoutines’, ‘R_useDynamicSymbols’
    
    It is good practice to register native routines and to disable symbol
    search.
    
    See ‘Writing portable packages’ in the ‘Writing R Extensions’ manual.
Flavors: r-devel-linux-x86_64-fedora-clang, r-devel-linux-x86_64-fedora-gcc