CRAN Package Check Results for Package sankey

Last updated on 2024-02-28 11:21:04 CET.

Flavor Version Tinstall Tcheck Ttotal Status Flags
r-devel-linux-x86_64-debian-clang 1.0.2 3.09 44.65 47.74 NOTE
r-devel-linux-x86_64-debian-gcc 1.0.2 2.23 32.24 34.47 NOTE
r-devel-linux-x86_64-fedora-clang 1.0.2 56.10 NOTE
r-devel-linux-x86_64-fedora-gcc 1.0.2 55.39 NOTE
r-devel-windows-x86_64 1.0.2 3.00 50.00 53.00 NOTE
r-patched-linux-x86_64 1.0.2 1.98 43.12 45.10 NOTE
r-release-linux-x86_64 1.0.2 3.05 42.21 45.26 NOTE
r-release-macos-arm64 1.0.2 24.00 NOTE
r-release-macos-x86_64 1.0.2 30.00 NOTE
r-release-windows-x86_64 1.0.2 4.00 53.00 57.00 NOTE
r-oldrel-macos-arm64 1.0.2 21.00 NOTE
r-oldrel-windows-x86_64 1.0.2 4.00 58.00 62.00 NOTE

Check Details

Version: 1.0.2
Check: LazyData
Result: NOTE 'LazyData' is specified without a 'data' directory Flavors: r-devel-linux-x86_64-debian-clang, r-devel-linux-x86_64-debian-gcc, r-devel-linux-x86_64-fedora-clang, r-devel-linux-x86_64-fedora-gcc, r-devel-windows-x86_64, r-patched-linux-x86_64, r-release-linux-x86_64, r-release-macos-arm64, r-release-macos-x86_64, r-release-windows-x86_64, r-oldrel-macos-arm64, r-oldrel-windows-x86_64