CRAN Package Check Results for Package sankeywheel

Last updated on 2020-02-21 04:48:35 CET.

Flavor Version Tinstall Tcheck Ttotal Status Flags
r-devel-linux-x86_64-debian-clang 0.1.0 3.04 29.14 32.18 OK
r-devel-linux-x86_64-debian-gcc 0.1.0 2.43 22.57 25.00 OK
r-devel-linux-x86_64-fedora-clang 0.1.0 39.45 OK
r-devel-linux-x86_64-fedora-gcc 0.1.0 39.54 OK
r-devel-windows-ix86+x86_64 0.1.0 8.00 40.00 48.00 OK
r-devel-windows-ix86+x86_64-gcc8 0.1.0 12.00 41.00 53.00 OK
r-patched-linux-x86_64 0.1.0 2.47 26.99 29.46 OK
r-patched-solaris-x86 0.1.0 54.70 WARN
r-release-linux-x86_64 0.1.0 2.40 26.19 28.59 OK
r-release-windows-ix86+x86_64 0.1.0 6.00 42.00 48.00 OK
r-release-osx-x86_64 0.1.0 WARN
r-oldrel-windows-ix86+x86_64 0.1.0 4.00 41.00 45.00 OK
r-oldrel-osx-x86_64 0.1.0 WARN

Check Details

Version: 0.1.0
Check: re-building of vignette outputs
Result: WARN
    Error(s) in re-building vignettes:
     ...
    --- re-building ‘sankeywheel.Rmd’ using rmarkdown
    Warning in engine$weave(file, quiet = quiet, encoding = enc) :
     Pandoc (>= 1.12.3) and/or pandoc-citeproc not available. Falling back to R Markdown v1.
    Quitting from lines 43-44 (sankeywheel.Rmd)
    Error: processing vignette 'sankeywheel.Rmd' failed with diagnostics:
    cannot open the connection
    --- failed re-building ‘sankeywheel.Rmd’
    
    SUMMARY: processing the following file failed:
     ‘sankeywheel.Rmd’
    
    Error: Vignette re-building failed.
    Execution halted
Flavors: r-patched-solaris-x86, r-release-osx-x86_64

Version: 0.1.0
Check: re-building of vignette outputs
Result: WARN
    Error in re-building vignettes:
     ...
    Warning in engine$weave(file, quiet = quiet, encoding = enc) :
     Pandoc (>= 1.12.3) and/or pandoc-citeproc not available. Falling back to R Markdown v1.
    Quitting from lines 43-44 (sankeywheel.Rmd)
    Error: processing vignette 'sankeywheel.Rmd' failed with diagnostics:
    cannot open the connection
    Execution halted
Flavor: r-oldrel-osx-x86_64