CRAN Package Check Results for Package sankeywheel

Last updated on 2020-09-19 08:50:11 CEST.

Flavor Version Tinstall Tcheck Ttotal Status Flags
r-devel-linux-x86_64-debian-clang 0.1.0 2.35 24.74 27.09 OK
r-devel-linux-x86_64-debian-gcc 0.1.0 1.96 19.90 21.86 OK
r-devel-linux-x86_64-fedora-clang 0.1.0 45.03 OK
r-devel-linux-x86_64-fedora-gcc 0.1.0 34.72 OK
r-devel-windows-ix86+x86_64 0.1.0 6.00 32.00 38.00 OK
r-patched-linux-x86_64 0.1.0 2.52 24.53 27.05 OK
r-patched-solaris-x86 0.1.0 52.30 WARN
r-release-linux-x86_64 0.1.0 1.97 25.56 27.53 OK
r-release-macos-x86_64 0.1.0 WARN
r-release-windows-ix86+x86_64 0.1.0 6.00 49.00 55.00 OK
r-oldrel-macos-x86_64 0.1.0 WARN
r-oldrel-windows-ix86+x86_64 0.1.0 3.00 30.00 33.00 OK

Check Details

Version: 0.1.0
Check: re-building of vignette outputs
Result: WARN
    Error(s) in re-building vignettes:
     ...
    --- re-building ‘sankeywheel.Rmd’ using rmarkdown
    Warning in engine$weave(file, quiet = quiet, encoding = enc) :
     Pandoc (>= 1.12.3) and/or pandoc-citeproc not available. Falling back to R Markdown v1.
    Quitting from lines 43-44 (sankeywheel.Rmd)
    Error: processing vignette 'sankeywheel.Rmd' failed with diagnostics:
    cannot open the connection
    --- failed re-building ‘sankeywheel.Rmd’
    
    SUMMARY: processing the following file failed:
     ‘sankeywheel.Rmd’
    
    Error: Vignette re-building failed.
    Execution halted
Flavors: r-patched-solaris-x86, r-release-macos-x86_64, r-oldrel-macos-x86_64