Last updated on 2023-03-23 11:59:52 CET.
Flavor | Version | Tinstall | Tcheck | Ttotal | Status | Flags |
---|---|---|---|---|---|---|
r-devel-linux-x86_64-debian-clang | 0.9.1 | 23.80 | 173.04 | 196.84 | NOTE | |
r-devel-linux-x86_64-debian-gcc | 0.9.1 | 18.23 | 134.71 | 152.94 | NOTE | |
r-devel-linux-x86_64-fedora-clang | 0.9.1 | 257.92 | NOTE | |||
r-devel-linux-x86_64-fedora-gcc | 0.9.1 | 241.48 | NOTE | |||
r-patched-linux-x86_64 | 0.9.1 | 17.77 | 166.35 | 184.12 | OK | |
r-release-linux-x86_64 | 0.9.1 | 19.30 | 167.39 | 186.69 | OK | |
r-release-macos-arm64 | 0.9.1 | 66.00 | OK | |||
r-release-macos-x86_64 | 0.9.1 | 86.00 | OK | |||
r-release-windows-x86_64 | 0.9.1 | 66.00 | 303.00 | 369.00 | OK | |
r-oldrel-macos-arm64 | 0.9.1 | 65.00 | OK | |||
r-oldrel-macos-x86_64 | 0.9.1 | 88.00 | OK | |||
r-oldrel-windows-ix86+x86_64 | 0.9.1 | 50.00 | 340.00 | 390.00 | OK |
Version: 0.9.1
Check: Rd \usage sections
Result: NOTE
S3 methods shown with full name in documentation object ‘santoku-cast’:
‘santoku_cast_common.default’ ‘santoku_cast_common.double’
‘santoku_cast_common.Date’ ‘santoku_cast_common.POSIXct’
‘santoku_cast_common.ts’ ‘santoku_cast_common.zoo’
‘santoku_cast_common.integer64’ ‘santoku_cast_common.hexmode’
‘santoku_cast_common.octmode’
The \usage entries for S3 methods should use the \method markup and not
their full name.
See chapter ‘Writing R documentation files’ in the ‘Writing R
Extensions’ manual.
Flavors: r-devel-linux-x86_64-debian-clang, r-devel-linux-x86_64-debian-gcc, r-devel-linux-x86_64-fedora-clang, r-devel-linux-x86_64-fedora-gcc