CRAN Package Check Results for Package sapevom

Last updated on 2021-05-14 11:50:59 CEST.

Flavor Version Tinstall Tcheck Ttotal Status Flags
r-devel-linux-x86_64-debian-clang 0.2.0 1.84 22.78 24.62 NOTE
r-devel-linux-x86_64-debian-gcc 0.2.0 1.57 18.54 20.11 NOTE
r-devel-linux-x86_64-fedora-clang 0.2.0 40.96 NOTE
r-devel-linux-x86_64-fedora-gcc 0.2.0 29.53 NOTE
r-devel-windows-ix86+x86_64 0.2.0 5.00 29.00 34.00 NOTE
r-devel-windows-x86_64-gcc10-UCRT 0.2.0 NOTE
r-patched-linux-x86_64 0.2.0 1.94 22.87 24.81 NOTE
r-patched-solaris-x86 0.2.0 46.00 NOTE
r-release-linux-x86_64 0.2.0 1.91 22.25 24.16 OK
r-release-macos-x86_64 0.2.0 OK
r-release-windows-ix86+x86_64 0.2.0 4.00 49.00 53.00 OK
r-oldrel-macos-x86_64 0.2.0 OK
r-oldrel-windows-ix86+x86_64 0.2.0 4.00 38.00 42.00 OK

Check Details

Version: 0.2.0
Check: LazyData
Result: NOTE
     'LazyData' is specified without a 'data' directory
Flavors: r-devel-linux-x86_64-debian-clang, r-devel-linux-x86_64-debian-gcc, r-devel-linux-x86_64-fedora-clang, r-devel-linux-x86_64-fedora-gcc, r-devel-windows-ix86+x86_64, r-devel-windows-x86_64-gcc10-UCRT, r-patched-linux-x86_64, r-patched-solaris-x86