CRAN Package Check Results for Package sapfluxnetr

Last updated on 2025-01-25 19:48:58 CET.

Flavor Version Tinstall Tcheck Ttotal Status Flags
r-devel-linux-x86_64-debian-clang 0.1.4 9.36 193.16 202.52 NOTE
r-devel-linux-x86_64-debian-gcc 0.1.4 6.48 124.36 130.84 NOTE
r-devel-linux-x86_64-fedora-clang 0.1.4 330.86 OK
r-devel-linux-x86_64-fedora-gcc 0.1.4 332.85 OK
r-devel-windows-x86_64 0.1.4 13.00 200.00 213.00 NOTE
r-patched-linux-x86_64 0.1.4 16.50 180.04 196.54 OK
r-release-linux-x86_64 0.1.4 10.10 180.57 190.67 OK
r-release-macos-arm64 0.1.4 90.00 OK
r-release-macos-x86_64 0.1.4 157.00 OK
r-release-windows-x86_64 0.1.4 12.00 201.00 213.00 OK
r-oldrel-macos-arm64 0.1.4 90.00 OK
r-oldrel-macos-x86_64 0.1.4 160.00 OK
r-oldrel-windows-x86_64 0.1.4 14.00 239.00 253.00 OK

Check Details

Version: 0.1.4
Check: Rd cross-references
Result: NOTE Found the following Rd file(s) with Rd \link{} targets missing package anchors: sfn_plot.Rd: geom_point, geom_col Please provide package anchors for all Rd \link{} targets not in the package itself and the base packages. Flavors: r-devel-linux-x86_64-debian-clang, r-devel-linux-x86_64-debian-gcc, r-devel-windows-x86_64