CRAN Package Check Results for Package saqgetr

Last updated on 2021-12-01 08:52:02 CET.

Flavor Version Tinstall Tcheck Ttotal Status Flags
r-devel-linux-x86_64-debian-clang 0.2.21 3.72 43.48 47.20 NOTE
r-devel-linux-x86_64-debian-gcc 0.2.21 3.30 33.18 36.48 NOTE
r-devel-linux-x86_64-fedora-clang 0.2.21 69.72 NOTE
r-devel-linux-x86_64-fedora-gcc 0.2.21 55.76 NOTE
r-devel-windows-x86_64-new-UL 0.2.21 11.00 88.00 99.00 NOTE
r-devel-windows-x86_64-new-TK 0.2.21 NOTE
r-devel-windows-x86_64-old 0.2.21 8.00 47.00 55.00 NOTE
r-patched-linux-x86_64 0.2.21 3.15 40.32 43.47 NOTE
r-patched-solaris-x86 0.2.21 82.00 NOTE
r-release-linux-x86_64 0.2.21 3.40 40.78 44.18 NOTE
r-release-macos-arm64 0.2.21 NOTE
r-release-macos-x86_64 0.2.21 NOTE
r-release-windows-ix86+x86_64 0.2.21 12.00 59.00 71.00 NOTE
r-oldrel-macos-x86_64 0.2.21 OK
r-oldrel-windows-ix86+x86_64 0.2.21 8.00 45.00 53.00 OK

Check Details

Version: 0.2.21
Check: LazyData
Result: NOTE
     'LazyData' is specified without a 'data' directory
Flavors: r-devel-linux-x86_64-debian-clang, r-devel-linux-x86_64-debian-gcc, r-devel-linux-x86_64-fedora-clang, r-devel-linux-x86_64-fedora-gcc, r-devel-windows-x86_64-new-UL, r-devel-windows-x86_64-new-TK, r-devel-windows-x86_64-old, r-patched-linux-x86_64, r-patched-solaris-x86, r-release-linux-x86_64, r-release-macos-arm64, r-release-macos-x86_64, r-release-windows-ix86+x86_64