CRAN Package Check Results for Package sas7bdat

Last updated on 2021-09-27 07:49:43 CEST.

Flavor Version Tinstall Tcheck Ttotal Status Flags
r-devel-linux-x86_64-debian-clang 0.5 2.77 33.43 36.20 NOTE
r-devel-linux-x86_64-debian-gcc 0.5 2.04 26.53 28.57 NOTE
r-devel-linux-x86_64-fedora-clang 0.5 52.71 NOTE
r-devel-linux-x86_64-fedora-gcc 0.5 42.51 NOTE
r-devel-windows-x86_64 0.5 3.00 38.00 41.00 NOTE
r-devel-windows-x86_64-gcc10-UCRT 0.5 NOTE
r-patched-linux-x86_64 0.5 2.72 33.09 35.81 NOTE
r-patched-solaris-x86 0.5 63.60 NOTE
r-release-linux-x86_64 0.5 2.56 33.04 35.60 NOTE
r-release-macos-arm64 0.5 NOTE
r-release-macos-x86_64 0.5 NOTE
r-release-windows-ix86+x86_64 0.5 5.00 40.00 45.00 NOTE
r-oldrel-macos-x86_64 0.5 NOTE
r-oldrel-windows-ix86+x86_64 0.5 4.00 37.00 41.00 NOTE

Check Details

Version: 0.5
Check: R code for possible problems
Result: NOTE
    download.sas7bdat.sources : <anonymous>: no visible global function
     definition for 'download.file'
    generate.sas7bdat.source: no visible global function definition for
     'download.file'
    Undefined global functions or variables:
     download.file
    Consider adding
     importFrom("utils", "download.file")
    to your NAMESPACE file.
Flavors: r-devel-linux-x86_64-debian-clang, r-devel-linux-x86_64-debian-gcc, r-devel-linux-x86_64-fedora-clang, r-devel-linux-x86_64-fedora-gcc, r-devel-windows-x86_64, r-devel-windows-x86_64-gcc10-UCRT, r-patched-linux-x86_64, r-patched-solaris-x86, r-release-linux-x86_64, r-release-macos-arm64, r-release-macos-x86_64, r-release-windows-ix86+x86_64, r-oldrel-macos-x86_64, r-oldrel-windows-ix86+x86_64