CRAN Package Check Results for Package sasMap

Last updated on 2021-11-29 15:51:25 CET.

Flavor Version Tinstall Tcheck Ttotal Status Flags
r-devel-linux-x86_64-debian-clang 1.0.0 3.20 34.21 37.41 OK
r-devel-linux-x86_64-debian-gcc 1.0.0 3.09 26.61 29.70 OK
r-devel-linux-x86_64-fedora-clang 1.0.0 58.08 NOTE
r-devel-linux-x86_64-fedora-gcc 1.0.0 45.65 NOTE
r-devel-windows-x86_64-new-UL 1.0.0 10.00 70.00 80.00 OK
r-devel-windows-x86_64-new-TK 1.0.0 NOTE
r-devel-windows-x86_64-old 1.0.0 6.00 40.00 46.00 OK
r-patched-linux-x86_64 1.0.0 3.46 32.46 35.92 OK
r-patched-solaris-x86 1.0.0 72.00 NOTE
r-release-linux-x86_64 1.0.0 2.76 32.30 35.06 OK
r-release-macos-arm64 1.0.0 NOTE
r-release-macos-x86_64 1.0.0 NOTE
r-release-windows-ix86+x86_64 1.0.0 10.00 39.00 49.00 OK
r-oldrel-macos-x86_64 1.0.0 NOTE
r-oldrel-windows-ix86+x86_64 1.0.0 7.00 53.00 60.00 OK

Check Details

Version: 1.0.0
Check: dependencies in R code
Result: NOTE
    Namespace in Imports field not imported from: ‘stringi’
     All declared Imports should be used.
Flavors: r-devel-linux-x86_64-fedora-clang, r-devel-linux-x86_64-fedora-gcc, r-devel-windows-x86_64-new-TK, r-patched-solaris-x86, r-release-macos-arm64, r-release-macos-x86_64, r-oldrel-macos-x86_64