CRAN Package Check Results for Package sass

Last updated on 2021-06-24 16:49:55 CEST.

Flavor Version Tinstall Tcheck Ttotal Status Flags
r-devel-linux-x86_64-debian-clang 0.4.0 247.77 46.79 294.56 NOTE
r-devel-linux-x86_64-debian-gcc 0.4.0 150.03 35.17 185.20 NOTE
r-devel-linux-x86_64-fedora-clang 0.4.0 471.96 NOTE
r-devel-linux-x86_64-fedora-gcc 0.4.0 338.91 NOTE
r-devel-windows-x86_64 0.4.0 292.00 89.00 381.00 NOTE
r-devel-windows-x86_64-gcc10-UCRT NOTE
r-patched-linux-x86_64 0.4.0 180.73 45.42 226.15 NOTE
r-patched-solaris-x86 0.4.0 410.70 NOTE
r-release-linux-x86_64 0.4.0 180.87 45.53 226.40 NOTE
r-release-macos-arm64 0.4.0 ERROR
r-release-macos-x86_64 0.4.0 NOTE
r-release-windows-ix86+x86_64 0.4.0 587.00 93.00 680.00 NOTE
r-oldrel-macos-x86_64 0.4.0 NOTE

Check Details

Version: 0.4.0
Check: for GNU extensions in Makefiles
Result: NOTE
    GNU make is a SystemRequirements.
Flavors: r-devel-linux-x86_64-debian-clang, r-devel-linux-x86_64-debian-gcc, r-devel-linux-x86_64-fedora-clang, r-devel-linux-x86_64-fedora-gcc, r-devel-windows-x86_64, r-devel-windows-x86_64-gcc10-UCRT, r-patched-linux-x86_64, r-patched-solaris-x86, r-release-linux-x86_64, r-release-macos-arm64, r-release-macos-x86_64, r-release-windows-ix86+x86_64, r-oldrel-macos-x86_64

Version: 0.4.0
Check: installed package size
Result: NOTE
     installed size is 5.4Mb
     sub-directories of 1Mb or more:
     doc 1.7Mb
     libs 3.2Mb
Flavors: r-devel-linux-x86_64-fedora-clang, r-patched-solaris-x86, r-release-macos-arm64, r-release-macos-x86_64, r-release-windows-ix86+x86_64, r-oldrel-macos-x86_64

Version: 0.4.0
Check: running R code from vignettes
Result: ERROR
    Errors in running code in vignettes:
    when running code in ‘sass.Rmd’
     ...
    
     When running vignette ‘sass.Rmd’:
    Error: No such vignette ‘sass.Rmd’
    Execution halted
    
     ‘sass.Rmd’ using ‘UTF-8’... failed
Flavor: r-release-macos-arm64