CRAN Package Check Results for Package sassy

Last updated on 2021-05-16 19:49:48 CEST.

Flavor Version Tinstall Tcheck Ttotal Status Flags
r-devel-linux-x86_64-debian-clang 1.0.4 6.00 56.95 62.95 NOTE
r-devel-linux-x86_64-debian-gcc 1.0.4 4.10 43.00 47.10 NOTE
r-devel-linux-x86_64-fedora-clang 1.0.4 85.38 NOTE
r-devel-linux-x86_64-fedora-gcc 1.0.4 74.37 NOTE
r-devel-windows-ix86+x86_64 1.0.4 21.00 59.00 80.00 NOTE
r-devel-windows-x86_64-gcc10-UCRT 1.0.4 NOTE
r-patched-linux-x86_64 1.0.4 5.25 53.58 58.83 NOTE
r-patched-solaris-x86 1.0.4 101.80 NOTE
r-release-linux-x86_64 1.0.4 5.82 53.08 58.90 OK
r-release-macos-x86_64 1.0.4 OK
r-release-windows-ix86+x86_64 1.0.4 11.00 58.00 69.00 OK
r-oldrel-macos-x86_64 1.0.4 ERROR

Check Details

Version: 1.0.4
Check: LazyData
Result: NOTE
     'LazyData' is specified without a 'data' directory
Flavors: r-devel-linux-x86_64-debian-clang, r-devel-linux-x86_64-debian-gcc, r-devel-linux-x86_64-fedora-clang, r-devel-linux-x86_64-fedora-gcc, r-devel-windows-ix86+x86_64, r-devel-windows-x86_64-gcc10-UCRT, r-patched-linux-x86_64, r-patched-solaris-x86

Version: 1.0.4
Check: package dependencies
Result: ERROR
    Packages required but not available: 'libr', 'reporter'
    
    See section ‘The DESCRIPTION file’ in the ‘Writing R Extensions’
    manual.
Flavor: r-oldrel-macos-x86_64