CRAN Package Check Results for Package saturnin

Last updated on 2020-11-30 18:51:28 CET.

Flavor Version Tinstall Tcheck Ttotal Status Flags
r-devel-linux-x86_64-debian-clang 1.1.1 35.98 51.69 87.67 OK
r-devel-linux-x86_64-debian-gcc 1.1.1 30.18 38.89 69.07 OK
r-devel-linux-x86_64-fedora-clang 1.1.1 105.57 NOTE
r-devel-linux-x86_64-fedora-gcc 1.1.1 91.95 NOTE
r-devel-windows-ix86+x86_64 1.1.1 63.00 113.00 176.00 OK
r-patched-linux-x86_64 1.1.1 50.93 52.90 103.83 OK
r-patched-solaris-x86 1.1.1 100.50 OK
r-release-linux-x86_64 1.1.1 50.73 54.12 104.85 OK
r-release-macos-x86_64 1.1.1 OK
r-release-windows-ix86+x86_64 1.1.1 54.00 87.00 141.00 OK
r-oldrel-macos-x86_64 1.1.1 OK
r-oldrel-windows-ix86+x86_64 1.1.1 47.00 101.00 148.00 OK

Check Details

Version: 1.1.1
Check: compiled code
Result: NOTE
    File ‘saturnin/libs/saturnin.so’:
     Found no calls to: ‘R_registerRoutines’, ‘R_useDynamicSymbols’
    
    It is good practice to register native routines and to disable symbol
    search.
    
    See ‘Writing portable packages’ in the ‘Writing R Extensions’ manual.
Flavors: r-devel-linux-x86_64-fedora-clang, r-devel-linux-x86_64-fedora-gcc