CRAN Package Check Results for Package saves

Last updated on 2021-01-24 17:49:01 CET.

Flavor Version Tinstall Tcheck Ttotal Status Flags
r-devel-linux-x86_64-debian-clang 0.5 1.93 27.27 29.20 NOTE
r-devel-linux-x86_64-debian-gcc 0.5 1.52 21.71 23.23 NOTE
r-devel-linux-x86_64-fedora-clang 0.5 45.30 NOTE
r-devel-linux-x86_64-fedora-gcc 0.5 35.03 NOTE
r-devel-windows-ix86+x86_64 0.5 4.00 32.00 36.00 NOTE
r-patched-linux-x86_64 0.5 1.79 26.48 28.27 NOTE
r-patched-solaris-x86 0.5 51.30 NOTE
r-release-linux-x86_64 0.5 1.82 26.16 27.98 NOTE
r-release-macos-x86_64 0.5 NOTE
r-release-windows-ix86+x86_64 0.5 4.00 32.00 36.00 NOTE
r-oldrel-macos-x86_64 0.5 NOTE
r-oldrel-windows-ix86+x86_64 0.5 4.00 47.00 51.00 NOTE

Check Details

Version: 0.5
Check: R code for possible problems
Result: NOTE
    loads: no visible global function definition for 'untar'
    saves: no visible global function definition for 'tar'
    Undefined global functions or variables:
     tar untar
    Consider adding
     importFrom("utils", "tar", "untar")
    to your NAMESPACE file.
Flavors: r-devel-linux-x86_64-debian-clang, r-devel-linux-x86_64-debian-gcc, r-devel-linux-x86_64-fedora-clang, r-devel-linux-x86_64-fedora-gcc, r-devel-windows-ix86+x86_64, r-patched-linux-x86_64, r-patched-solaris-x86, r-release-linux-x86_64, r-release-macos-x86_64, r-release-windows-ix86+x86_64, r-oldrel-macos-x86_64, r-oldrel-windows-ix86+x86_64