CRAN Package Check Results for Package savonliquide

Last updated on 2023-12-10 18:52:24 CET.

Flavor Version Tinstall Tcheck Ttotal Status Flags
r-devel-linux-x86_64-debian-clang 0.2.0 2.04 23.98 26.02 NOTE
r-devel-linux-x86_64-debian-gcc 0.2.0 1.78 18.54 20.32 NOTE
r-devel-linux-x86_64-fedora-clang 0.2.0 33.79 NOTE
r-devel-linux-x86_64-fedora-gcc 0.2.0 30.87 NOTE
r-devel-windows-x86_64 0.2.0 4.00 42.00 46.00 NOTE
r-patched-linux-x86_64 0.2.0 2.23 23.73 25.96 NOTE
r-release-linux-x86_64 0.2.0 2.18 24.20 26.38 NOTE
r-release-macos-arm64 0.2.0 19.00 NOTE
r-release-macos-x86_64 0.2.0 22.00 NOTE
r-release-windows-x86_64 0.2.0 4.00 43.00 47.00 NOTE
r-oldrel-macos-arm64 0.2.0 17.00 NOTE
r-oldrel-macos-x86_64 0.2.0 25.00 NOTE
r-oldrel-windows-x86_64 0.2.0 4.00 44.00 48.00 NOTE

Check Details

Version: 0.2.0
Check: LazyData
Result: NOTE 'LazyData' is specified without a 'data' directory Flavors: r-devel-linux-x86_64-debian-clang, r-devel-linux-x86_64-debian-gcc, r-devel-linux-x86_64-fedora-clang, r-devel-linux-x86_64-fedora-gcc, r-devel-windows-x86_64, r-patched-linux-x86_64, r-release-linux-x86_64, r-release-macos-arm64, r-release-macos-x86_64, r-release-windows-x86_64, r-oldrel-macos-arm64, r-oldrel-macos-x86_64, r-oldrel-windows-x86_64

Version: 0.2.0
Check: dependencies in R code
Result: NOTE Namespace in Imports field not imported from: ‘crayon’ All declared Imports should be used. Flavors: r-devel-linux-x86_64-fedora-clang, r-devel-linux-x86_64-fedora-gcc, r-oldrel-macos-arm64, r-oldrel-macos-x86_64