CRAN Package Check Results for Package sbo

Last updated on 2021-01-20 01:49:04 CET.

Flavor Version Tinstall Tcheck Ttotal Status Flags
r-devel-linux-x86_64-debian-clang 0.5.0 126.85 136.21 263.06 OK
r-devel-linux-x86_64-debian-gcc 0.5.0 86.14 101.26 187.40 OK
r-devel-linux-x86_64-fedora-clang 0.5.0 351.82 NOTE
r-devel-linux-x86_64-fedora-gcc 0.5.0 320.41 OK
r-devel-windows-ix86+x86_64 0.5.0 213.00 201.00 414.00 NOTE
r-patched-linux-x86_64 0.5.0 99.10 130.89 229.99 OK
r-patched-solaris-x86 0.5.0 349.40 OK
r-release-linux-x86_64 0.5.0 103.31 130.81 234.12 OK
r-release-macos-x86_64 0.5.0 NOTE
r-release-windows-ix86+x86_64 0.5.0 230.00 173.00 403.00 NOTE
r-oldrel-macos-x86_64 0.5.0 NOTE
r-oldrel-windows-ix86+x86_64 0.5.0 192.00 230.00 422.00 NOTE

Check Details

Version: 0.5.0
Check: installed package size
Result: NOTE
     installed size is 9.2Mb
     sub-directories of 1Mb or more:
     data 3.9Mb
     libs 5.0Mb
Flavors: r-devel-linux-x86_64-fedora-clang, r-devel-windows-ix86+x86_64, r-release-macos-x86_64, r-release-windows-ix86+x86_64, r-oldrel-macos-x86_64, r-oldrel-windows-ix86+x86_64

Version: 0.5.0
Check: R code for possible problems
Result: NOTE
    plot.word_coverage: no visible global function definition for ‘plot’
    Undefined global functions or variables:
     plot
    Consider adding
     importFrom("graphics", "plot")
    to your NAMESPACE file.
Flavors: r-oldrel-macos-x86_64, r-oldrel-windows-ix86+x86_64