CRAN Package Check Results for Package sbtools

Last updated on 2019-01-22 11:52:27 CET.

Flavor Version Tinstall Tcheck Ttotal Status Flags
r-devel-linux-x86_64-debian-clang 1.1.6 3.44 32.54 35.98 OK
r-devel-linux-x86_64-debian-gcc 1.1.6 2.44 26.01 28.45 OK
r-devel-linux-x86_64-fedora-clang 1.1.6 41.27 OK
r-devel-linux-x86_64-fedora-gcc 1.1.6 38.63 OK
r-devel-windows-ix86+x86_64 1.1.6 7.00 56.00 63.00 OK
r-patched-linux-x86_64 1.1.6 2.38 30.65 33.03 OK
r-patched-solaris-x86 1.1.6 66.80 OK
r-release-linux-x86_64 1.1.6 3.00 30.44 33.44 OK
r-release-windows-ix86+x86_64 1.1.6 11.00 80.00 91.00 OK
r-release-osx-x86_64 1.1.6 OK
r-oldrel-windows-ix86+x86_64 1.1.6 6.00 60.00 66.00 OK
r-oldrel-osx-x86_64 1.1.6 NOTE

Check Details

Version: 1.1.6
Check: package dependencies
Result: NOTE
    Package suggested but not available for checking: ‘rgdal’
Flavor: r-oldrel-osx-x86_64