CRAN Package Check Results for Package sbtools

Last updated on 2019-03-23 16:48:20 CET.

Flavor Version Tinstall Tcheck Ttotal Status Flags
r-devel-linux-x86_64-debian-clang 1.1.6 3.62 31.60 35.22 OK
r-devel-linux-x86_64-debian-gcc 1.1.6 2.74 26.46 29.20 OK
r-devel-linux-x86_64-fedora-clang 1.1.6 42.26 OK
r-devel-linux-x86_64-fedora-gcc 1.1.6 39.71 OK
r-devel-windows-ix86+x86_64 1.1.6 9.00 80.00 89.00 OK
r-patched-linux-x86_64 1.1.6 2.76 30.10 32.86 OK
r-patched-solaris-x86 1.1.6 62.80 OK
r-release-linux-x86_64 1.1.6 0.38 2.71 3.09 ERROR
r-release-windows-ix86+x86_64 1.1.6 5.00 62.00 67.00 OK
r-release-osx-x86_64 1.1.6 OK
r-oldrel-windows-ix86+x86_64 1.1.6 11.00 72.00 83.00 OK
r-oldrel-osx-x86_64 1.1.6 NOTE

Check Details

Version: 1.1.6
Check: whether package can be installed
Result: ERROR
    Installation failed.
Flavor: r-release-linux-x86_64

Version: 1.1.6
Check: package dependencies
Result: NOTE
    Package suggested but not available for checking: ‘rgdal’
Flavor: r-oldrel-osx-x86_64