CRAN Package Check Results for Package scCAN

Last updated on 2021-10-17 23:50:51 CEST.

Flavor Version Tinstall Tcheck Ttotal Status Flags
r-devel-linux-x86_64-debian-clang 1.0.1 35.22 100.71 135.93 OK
r-devel-linux-x86_64-debian-gcc 1.0.1 33.26 77.38 110.64 OK
r-devel-linux-x86_64-fedora-clang 1.0.1 177.21 NOTE
r-devel-linux-x86_64-fedora-gcc 1.0.1 177.24 NOTE
r-devel-windows-x86_64 1.0.1 54.00 103.00 157.00 OK
r-devel-windows-x86_64-gcc10-UCRT 1.0.1 NOTE
r-patched-linux-x86_64 1.0.1 36.32 96.36 132.68 OK
r-patched-solaris-x86 1.0.1 300.40 NOTE
r-release-linux-x86_64 1.0.1 37.91 97.99 135.90 OK
r-release-macos-arm64 1.0.1 NOTE
r-release-macos-x86_64 1.0.1 NOTE
r-release-windows-ix86+x86_64 1.0.1 50.00 121.00 171.00 OK
r-oldrel-macos-x86_64 1.0.1 NOTE
r-oldrel-windows-ix86+x86_64 1.0.1 65.00 119.00 184.00 OK

Check Details

Version: 1.0.1
Check: dependencies in R code
Result: NOTE
    Namespace in Imports field not imported from: ‘markdown’
     All declared Imports should be used.
Flavors: r-devel-linux-x86_64-fedora-clang, r-devel-linux-x86_64-fedora-gcc, r-devel-windows-x86_64-gcc10-UCRT, r-patched-solaris-x86, r-release-macos-arm64, r-release-macos-x86_64, r-oldrel-macos-x86_64

Version: 1.0.1
Check: installed package size
Result: NOTE
     installed size is 5.2Mb
     sub-directories of 1Mb or more:
     data 5.1Mb
Flavor: r-release-macos-arm64