CRAN Package Check Results for Package scCustomize

Last updated on 2023-11-29 12:06:07 CET.

Flavor Version Tinstall Tcheck Ttotal Status Flags
r-devel-linux-x86_64-debian-clang 2.0.1 44.91 346.86 391.77 OK
r-devel-linux-x86_64-debian-gcc 2.0.1 34.10 249.19 283.29 OK
r-devel-linux-x86_64-fedora-clang 2.0.1 NOTE
r-devel-linux-x86_64-fedora-gcc 2.0.1 490.20 OK
r-devel-windows-x86_64 2.0.1 34.00 287.00 321.00 OK
r-patched-linux-x86_64 2.0.1 37.93 324.16 362.09 OK
r-release-linux-x86_64 2.0.1 25.81 324.67 350.48 OK
r-release-macos-arm64 2.0.1 130.00 NOTE
r-release-macos-x86_64 2.0.1 347.00 NOTE
r-release-windows-x86_64 2.0.1 48.00 379.00 427.00 OK
r-oldrel-macos-arm64 2.0.1 125.00 NOTE
r-oldrel-macos-x86_64 1.1.3 147.00 NOTE
r-oldrel-windows-x86_64 2.0.1 50.00 350.00 400.00 OK

Check Details

Version: 2.0.1
Check: package dependencies
Result: NOTE Imports includes 28 non-default packages. Importing from so many packages makes the package vulnerable to any of them becoming unavailable. Move as many as possible to Suggests and use conditionally. Flavor: r-devel-linux-x86_64-fedora-clang

Version: 2.0.1
Check: package dependencies
Result: NOTE Packages suggested but not available for checking: 'dittoSeq', 'DropletUtils', 'Nebulosa' Flavors: r-release-macos-arm64, r-release-macos-x86_64

Version: 2.0.1
Check: Rd cross-references
Result: NOTE Packages unavailable to check Rd xrefs: ‘DropletUtils’, ‘Nebulosa’ Flavors: r-release-macos-arm64, r-release-macos-x86_64, r-oldrel-macos-arm64

Version: 2.0.1
Check: package dependencies
Result: NOTE Packages suggested but not available for checking: 'DropletUtils', 'Nebulosa' Flavor: r-oldrel-macos-arm64

Version: 1.1.3
Check: package dependencies
Result: NOTE Packages suggested but not available for checking: 'dittoSeq', 'DropletUtils', 'Nebulosa' Flavor: r-oldrel-macos-x86_64

Version: 1.1.3
Check: Rd cross-references
Result: NOTE Package unavailable to check Rd xrefs: ‘Nebulosa’ Flavor: r-oldrel-macos-x86_64