Last updated on 2023-09-27 11:02:45 CEST.
Flavor | Version | Tinstall | Tcheck | Ttotal | Status | Flags |
---|---|---|---|---|---|---|
r-devel-linux-x86_64-debian-clang | 1.4.1 | 53.42 | 470.99 | 524.41 | OK | |
r-devel-linux-x86_64-debian-gcc | 1.4.1 | 38.11 | 349.52 | 387.63 | OK | |
r-devel-linux-x86_64-fedora-clang | 1.4.1 | 670.49 | OK | |||
r-devel-linux-x86_64-fedora-gcc | 1.4.1 | 678.14 | OK | |||
r-devel-windows-x86_64 | 1.4.1 | 47.00 | 306.00 | 353.00 | OK | |
r-patched-linux-x86_64 | 1.4.1 | 35.28 | 418.02 | 453.30 | OK | |
r-release-linux-x86_64 | 1.4.1 | 37.86 | 447.46 | 485.32 | OK | |
r-release-macos-arm64 | 1.4.1 | 176.00 | OK | |||
r-release-macos-x86_64 | 1.4.1 | 322.00 | OK | |||
r-release-windows-x86_64 | 1.4.1 | 63.00 | 405.00 | 468.00 | OK | |
r-oldrel-macos-arm64 | 1.4.1 | 8.00 | ERROR | |||
r-oldrel-macos-x86_64 | 1.4.1 | 12.00 | ERROR | |||
r-oldrel-windows-x86_64 | 1.4.1 | 66.00 | 402.00 | 468.00 | OK |
Version: 1.4.1
Check: package dependencies
Result: ERROR
Package required and available but unsuitable version: ‘UCell’
See section ‘The DESCRIPTION file’ in the ‘Writing R Extensions’
manual.
Flavors: r-oldrel-macos-arm64, r-oldrel-macos-x86_64