Last updated on 2023-12-05 18:49:37 CET.
Flavor | Version | Tinstall | Tcheck | Ttotal | Status | Flags |
---|---|---|---|---|---|---|
r-devel-linux-x86_64-debian-clang | 1.0 | 20.97 | 181.24 | 202.21 | NOTE | |
r-devel-linux-x86_64-debian-gcc | 1.0 | 17.26 | 130.42 | 147.68 | NOTE | |
r-devel-linux-x86_64-fedora-clang | 1.0 | 256.10 | NOTE | |||
r-devel-linux-x86_64-fedora-gcc | 1.0 | 191.31 | NOTE | |||
r-devel-windows-x86_64 | 1.0 | 20.00 | 141.00 | 161.00 | OK | |
r-patched-linux-x86_64 | 1.0 | 15.99 | 165.38 | 181.37 | NOTE | |
r-release-linux-x86_64 | 1.0 | 16.08 | 167.61 | 183.69 | NOTE | |
r-release-macos-arm64 | 1.0 | 76.00 | OK | |||
r-release-macos-x86_64 | 1.0 | 114.00 | OK | |||
r-release-windows-x86_64 | 1.0 | 24.00 | 172.00 | 196.00 | OK | |
r-oldrel-macos-arm64 | 1.0 | 69.00 | OK | |||
r-oldrel-macos-x86_64 | 1.0 | 113.00 | OK | |||
r-oldrel-windows-x86_64 | 1.0 | 25.00 | 178.00 | 203.00 | OK |
Version: 1.0
Check: for non-standard things in the check directory
Result: NOTE
Found the following files/directories:
‘untitled_consensus_cluster’
Flavors: r-devel-linux-x86_64-debian-clang, r-devel-linux-x86_64-debian-gcc, r-devel-linux-x86_64-fedora-clang, r-devel-linux-x86_64-fedora-gcc, r-patched-linux-x86_64, r-release-linux-x86_64