Last updated on 2023-02-05 13:53:01 CET.
Flavor | Version | Tinstall | Tcheck | Ttotal | Status | Flags |
---|---|---|---|---|---|---|
r-devel-linux-x86_64-debian-clang | 1.0 | 19.99 | 186.87 | 206.86 | NOTE | |
r-devel-linux-x86_64-debian-gcc | 1.0 | 15.39 | 133.72 | 149.11 | NOTE | |
r-devel-linux-x86_64-fedora-clang | 1.0 | 258.35 | NOTE | |||
r-devel-linux-x86_64-fedora-gcc | 1.0 | 242.08 | NOTE | |||
r-devel-windows-x86_64 | 1.0 | 38.00 | 214.00 | 252.00 | OK | |
r-patched-linux-x86_64 | 1.0 | 21.54 | 176.69 | 198.23 | NOTE | |
r-release-linux-x86_64 | 1.0 | 20.74 | 182.38 | 203.12 | NOTE | |
r-release-macos-arm64 | 1.0 | 69.00 | OK | |||
r-release-macos-x86_64 | 1.0 | 113.00 | OK | |||
r-release-windows-x86_64 | 1.0 | 36.00 | 224.00 | 260.00 | OK | |
r-oldrel-macos-arm64 | 1.0 | 101.00 | OK | |||
r-oldrel-macos-x86_64 | 1.0 | 85.00 | OK | |||
r-oldrel-windows-ix86+x86_64 | 1.0 | 47.00 | 216.00 | 263.00 | OK |
Version: 1.0
Check: for non-standard things in the check directory
Result: NOTE
Found the following files/directories:
‘untitled_consensus_cluster’
Flavors: r-devel-linux-x86_64-debian-clang, r-devel-linux-x86_64-debian-gcc, r-devel-linux-x86_64-fedora-clang, r-devel-linux-x86_64-fedora-gcc, r-patched-linux-x86_64, r-release-linux-x86_64