CRAN Package Check Results for Package scSorter

Last updated on 2022-06-27 20:52:59 CEST.

Flavor Version Tinstall Tcheck Ttotal Status Flags
r-devel-linux-x86_64-debian-clang 0.0.2 2.79 118.84 121.63 NOTE
r-devel-linux-x86_64-debian-gcc 0.0.2 2.07 80.80 82.87 NOTE
r-devel-linux-x86_64-fedora-clang 0.0.2 154.52 NOTE
r-devel-linux-x86_64-fedora-gcc 0.0.2 155.73 NOTE
r-devel-windows-x86_64 0.0.2 19.00 136.00 155.00 NOTE
r-patched-linux-x86_64 0.0.2 2.07 113.15 115.22 NOTE
r-release-linux-x86_64 0.0.2 2.39 111.67 114.06 NOTE
r-release-macos-arm64 0.0.2 46.00 NOTE
r-release-macos-x86_64 0.0.2 77.00 NOTE
r-release-windows-x86_64 0.0.2 24.00 134.00 158.00 NOTE
r-oldrel-macos-arm64 0.0.2 52.00 NOTE
r-oldrel-macos-x86_64 0.0.2 113.00 NOTE
r-oldrel-windows-ix86+x86_64 0.0.2 6.00 141.00 147.00 NOTE

Check Details

Version: 0.0.2
Check: LazyData
Result: NOTE
     'LazyData' is specified without a 'data' directory
Flavors: r-devel-linux-x86_64-debian-clang, r-devel-linux-x86_64-debian-gcc, r-devel-linux-x86_64-fedora-clang, r-devel-linux-x86_64-fedora-gcc, r-devel-windows-x86_64, r-patched-linux-x86_64, r-release-linux-x86_64, r-release-macos-arm64, r-release-macos-x86_64, r-release-windows-x86_64, r-oldrel-macos-arm64, r-oldrel-macos-x86_64, r-oldrel-windows-ix86+x86_64