CRAN Package Check Results for Package scSorter

Last updated on 2021-12-08 16:50:49 CET.

Flavor Version Tinstall Tcheck Ttotal Status Flags
r-devel-linux-x86_64-debian-clang 0.0.2 2.61 121.09 123.70 NOTE
r-devel-linux-x86_64-debian-gcc 0.0.2 1.93 87.29 89.22 NOTE
r-devel-linux-x86_64-fedora-clang 0.0.2 148.05 NOTE
r-devel-linux-x86_64-fedora-gcc 0.0.2 136.09 NOTE
r-devel-windows-x86_64-new-UL 0.0.2 7.00 150.00 157.00 NOTE
r-devel-windows-x86_64-new-TK 0.0.2 NOTE
r-devel-windows-x86_64-old 0.0.2 5.00 117.00 122.00 NOTE
r-patched-linux-x86_64 0.0.2 2.73 117.29 120.02 NOTE
r-release-linux-x86_64 0.0.2 2.46 117.11 119.57 NOTE
r-release-macos-arm64 0.0.2 NOTE
r-release-macos-x86_64 0.0.2 NOTE
r-release-windows-ix86+x86_64 0.0.2 5.00 138.00 143.00 NOTE
r-oldrel-macos-x86_64 0.0.2 OK
r-oldrel-windows-ix86+x86_64 0.0.2 7.00 148.00 155.00 OK

Check Details

Version: 0.0.2
Check: LazyData
Result: NOTE
     'LazyData' is specified without a 'data' directory
Flavors: r-devel-linux-x86_64-debian-clang, r-devel-linux-x86_64-debian-gcc, r-devel-linux-x86_64-fedora-clang, r-devel-linux-x86_64-fedora-gcc, r-devel-windows-x86_64-new-UL, r-devel-windows-x86_64-new-TK, r-devel-windows-x86_64-old, r-patched-linux-x86_64, r-release-linux-x86_64, r-release-macos-arm64, r-release-macos-x86_64, r-release-windows-ix86+x86_64