CRAN Package Check Results for Package scaleboot

Last updated on 2021-10-16 07:49:21 CEST.

Flavor Version Tinstall Tcheck Ttotal Status Flags
r-devel-linux-x86_64-debian-clang 1.0-1 8.31 102.92 111.23 OK
r-devel-linux-x86_64-debian-gcc 1.0-1 6.16 73.14 79.30 OK
r-devel-linux-x86_64-fedora-clang 1.0-1 141.13 NOTE
r-devel-linux-x86_64-fedora-gcc 1.0-1 128.83 NOTE
r-devel-windows-x86_64 1.0-1 11.00 96.00 107.00 OK
r-devel-windows-x86_64-gcc10-UCRT 1.0-1 NOTE
r-patched-linux-x86_64 1.0-1 9.57 97.43 107.00 OK
r-patched-solaris-x86 1.0-1 166.00 NOTE
r-release-linux-x86_64 1.0-1 7.58 96.48 104.06 OK
r-release-macos-arm64 1.0-1 NOTE
r-release-macos-x86_64 1.0-1 NOTE
r-release-windows-ix86+x86_64 1.0-1 15.00 120.00 135.00 OK
r-oldrel-macos-x86_64 1.0-1 NOTE
r-oldrel-windows-ix86+x86_64 1.0-1 16.00 120.00 136.00 OK

Check Details

Version: 1.0-1
Check: dependencies in R code
Result: NOTE
    Namespace in Imports field not imported from: ‘pvclust’
     All declared Imports should be used.
Flavors: r-devel-linux-x86_64-fedora-clang, r-devel-linux-x86_64-fedora-gcc, r-devel-windows-x86_64-gcc10-UCRT, r-patched-solaris-x86, r-release-macos-arm64, r-release-macos-x86_64, r-oldrel-macos-x86_64