Last updated on 2023-12-03 18:48:49 CET.
Flavor | Version | Tinstall | Tcheck | Ttotal | Status | Flags |
---|---|---|---|---|---|---|
r-devel-linux-x86_64-debian-clang | 1.2-14 | 27.56 | 167.78 | 195.34 | NOTE | |
r-devel-linux-x86_64-debian-gcc | 1.2-14 | 24.87 | 125.52 | 150.39 | NOTE | |
r-devel-linux-x86_64-fedora-clang | 1.2-14 | 261.56 | OK | |||
r-devel-linux-x86_64-fedora-gcc | 1.2-14 | 236.51 | OK | |||
r-devel-windows-x86_64 | 1.2-14 | 25.00 | 141.00 | 166.00 | OK | |
r-patched-linux-x86_64 | 1.2-14 | 23.61 | 162.60 | 186.21 | OK | |
r-release-linux-x86_64 | 1.2-14 | 27.36 | 167.33 | 194.69 | OK | |
r-release-macos-arm64 | 1.2-14 | 64.00 | OK | |||
r-release-macos-x86_64 | 1.2-14 | 182.00 | OK | |||
r-release-windows-x86_64 | 1.2-14 | 34.00 | 175.00 | 209.00 | OK | |
r-oldrel-macos-arm64 | 1.2-14 | 60.00 | OK | |||
r-oldrel-macos-x86_64 | 1.2-14 | 82.00 | OK | |||
r-oldrel-windows-x86_64 | 1.2-14 | 34.00 | 167.00 | 201.00 | OK |
Version: 1.2-14
Check: Rd files
Result: NOTE
checkRd: (-1) shape.constrained.smooth.terms.Rd:11-14: Lost braces in \itemize; meant \describe ?
checkRd: (-1) shape.constrained.smooth.terms.Rd:16-18: Lost braces in \itemize; meant \describe ?
checkRd: (-1) shape.constrained.smooth.terms.Rd:20-21: Lost braces in \itemize; meant \describe ?
checkRd: (-1) shape.constrained.smooth.terms.Rd:23-24: Lost braces in \itemize; meant \describe ?
checkRd: (-1) shape.constrained.smooth.terms.Rd:26-29: Lost braces in \itemize; meant \describe ?
checkRd: (-1) shape.constrained.smooth.terms.Rd:31-33: Lost braces in \itemize; meant \describe ?
checkRd: (-1) shape.constrained.smooth.terms.Rd:35-38: Lost braces in \itemize; meant \describe ?
checkRd: (-1) shape.constrained.smooth.terms.Rd:40-41: Lost braces in \itemize; meant \describe ?
checkRd: (-1) shape.constrained.smooth.terms.Rd:54-55: Lost braces in \itemize; meant \describe ?
checkRd: (-1) shape.constrained.smooth.terms.Rd:57-58: Lost braces in \itemize; meant \describe ?
checkRd: (-1) shape.constrained.smooth.terms.Rd:60-61: Lost braces in \itemize; meant \describe ?
checkRd: (-1) shape.constrained.smooth.terms.Rd:63-64: Lost braces in \itemize; meant \describe ?
checkRd: (-1) shape.constrained.smooth.terms.Rd:66-67: Lost braces in \itemize; meant \describe ?
checkRd: (-1) shape.constrained.smooth.terms.Rd:69-70: Lost braces in \itemize; meant \describe ?
Flavors: r-devel-linux-x86_64-debian-clang, r-devel-linux-x86_64-debian-gcc