CRAN Package Check Results for Package scan

Last updated on 2024-02-28 07:02:46 CET.

Flavor Version Tinstall Tcheck Ttotal Status Flags
r-devel-linux-x86_64-debian-clang 0.60.0 14.96 115.63 130.59 OK
r-devel-linux-x86_64-debian-gcc 0.60.0 11.68 86.75 98.43 OK
r-devel-linux-x86_64-fedora-clang 0.60.0 164.66 NOTE
r-devel-linux-x86_64-fedora-gcc 0.60.0 156.20 NOTE
r-devel-windows-x86_64 0.60.0 16.00 107.00 123.00 OK
r-patched-linux-x86_64 0.60.0 23.06 113.58 136.64 OK
r-release-linux-x86_64 0.60.0 12.71 112.40 125.11 OK
r-release-macos-arm64 0.60.0 47.00 OK
r-release-macos-x86_64 0.60.0 103.00 OK
r-release-windows-x86_64 0.60.0 19.00 131.00 150.00 OK
r-oldrel-macos-arm64 0.60.0 45.00 OK
r-oldrel-windows-x86_64 0.60.0 20.00 120.00 140.00 OK

Check Details

Version: 0.60.0
Check: data for non-ASCII characters
Result: NOTE Note: found 1 marked UTF-8 string Flavors: r-devel-linux-x86_64-fedora-clang, r-devel-linux-x86_64-fedora-gcc