CRAN Package Check Results for Package scape

Last updated on 2021-09-28 18:48:50 CEST.

Flavor Version Tinstall Tcheck Ttotal Status Flags
r-devel-linux-x86_64-debian-clang 2.3.3 13.31 153.19 166.50 OK
r-devel-linux-x86_64-debian-gcc 2.3.3 12.25 113.60 125.85 OK
r-devel-linux-x86_64-fedora-clang 2.3.3 204.54 OK
r-devel-linux-x86_64-fedora-gcc 2.3.3 187.64 OK
r-devel-windows-x86_64 2.3.3 17.00 144.00 161.00 OK
r-devel-windows-x86_64-gcc10-UCRT 2.3.3 OK
r-patched-linux-x86_64 2.3.3 13.14 144.45 157.59 OK
r-patched-solaris-x86 2.3.3 265.50 NOTE
r-release-linux-x86_64 2.3.3 11.85 145.27 157.12 OK
r-release-macos-arm64 2.3.3 OK
r-release-macos-x86_64 2.3.3 OK
r-release-windows-ix86+x86_64 2.3.3 32.00 144.00 176.00 OK
r-oldrel-macos-x86_64 2.3.3 OK
r-oldrel-windows-ix86+x86_64 2.3.3 23.00 141.00 164.00 OK

Check Details

Version: 2.3.3
Check: installed package size
Result: NOTE
     installed size is 5.2Mb
     sub-directories of 1Mb or more:
     doc 1.5Mb
     example 2.7Mb
Flavor: r-patched-solaris-x86