CRAN Package Check Results for Package scatterD3

Last updated on 2024-04-15 08:52:27 CEST.

Flavor Version Tinstall Tcheck Ttotal Status Flags
r-devel-linux-x86_64-debian-clang 1.0.1 3.00 38.36 41.36 NOTE
r-devel-linux-x86_64-debian-gcc 1.0.1 2.87 29.81 32.68 NOTE
r-devel-linux-x86_64-fedora-clang 1.0.1 55.17 NOTE
r-devel-linux-x86_64-fedora-gcc 1.0.1 65.84 NOTE
r-devel-windows-x86_64 1.0.1 5.00 51.00 56.00 NOTE
r-patched-linux-x86_64 1.0.1 3.15 36.91 40.06 NOTE
r-release-linux-x86_64 1.0.1 3.21 35.07 38.28 OK
r-release-macos-arm64 1.0.1 27.00 OK
r-release-macos-x86_64 1.0.1 38.00 OK
r-release-windows-x86_64 1.0.1 7.00 53.00 60.00 OK
r-oldrel-macos-arm64 1.0.1 20.00 OK
r-oldrel-windows-x86_64 1.0.1 5.00 55.00 60.00 OK

Check Details

Version: 1.0.1
Check: Rd files
Result: NOTE checkRd: (-1) scatterD3.Rd:209: Lost braces; missing escapes or markup? 209 | {https://github.com/skokenes/D3-Lasso-Plugin}{d3-lasso-plugin} feature} | ^ checkRd: (-1) scatterD3.Rd:209: Lost braces 209 | {https://github.com/skokenes/D3-Lasso-Plugin}{d3-lasso-plugin} feature} | ^ Flavors: r-devel-linux-x86_64-debian-clang, r-devel-linux-x86_64-debian-gcc, r-devel-linux-x86_64-fedora-clang, r-devel-linux-x86_64-fedora-gcc, r-devel-windows-x86_64, r-patched-linux-x86_64