CRAN Package Check Results for Package scatterD3

Last updated on 2022-08-07 20:52:26 CEST.

Flavor Version Tinstall Tcheck Ttotal Status Flags
r-devel-linux-x86_64-debian-clang 1.0.1 3.09 34.88 37.97 OK
r-devel-linux-x86_64-debian-gcc 1.0.1 2.47 27.12 29.59 OK
r-devel-linux-x86_64-fedora-clang 1.0.1 56.27 OK
r-devel-linux-x86_64-fedora-gcc 1.0.1 55.64 OK
r-devel-windows-x86_64 1.0.1 13.00 67.00 80.00 OK
r-patched-linux-x86_64 1.0.1 2.27 33.20 35.47 OK
r-release-linux-x86_64 1.0.1 2.78 0.02 2.80 FAIL
r-release-macos-arm64 1.0.1 20.00 OK
r-release-macos-x86_64 1.0.1 27.00 OK
r-release-windows-x86_64 1.0.1 11.00 65.00 76.00 OK
r-oldrel-macos-arm64 1.0.1 22.00 OK
r-oldrel-macos-x86_64 1.0.1 25.00 OK
r-oldrel-windows-ix86+x86_64 1.0.1 7.00 54.00 61.00 OK

Check Details

Version: 1.0.1
Check: package dependencies
Result: FAIL
Flavor: r-release-linux-x86_64