Last updated on 2022-05-17 16:54:38 CEST.
Flavor | Version | Tinstall | Tcheck | Ttotal | Status | Flags |
---|---|---|---|---|---|---|
r-devel-linux-x86_64-debian-clang | 1.6 | 6.54 | 70.90 | 77.44 | NOTE | |
r-devel-linux-x86_64-debian-gcc | 1.6 | 3.66 | 53.79 | 57.45 | NOTE | |
r-devel-linux-x86_64-fedora-clang | 1.6 | 96.36 | NOTE | |||
r-devel-linux-x86_64-fedora-gcc | 1.6 | 93.39 | NOTE | |||
r-devel-windows-x86_64 | 1.6 | 52.00 | 116.00 | 168.00 | NOTE | |
r-patched-linux-x86_64 | 1.6 | 5.28 | 66.88 | 72.16 | NOTE | |
r-release-linux-x86_64 | 1.6 | 6.12 | 66.01 | 72.13 | NOTE | |
r-release-macos-arm64 | 1.6 | 31.00 | NOTE | |||
r-release-macos-x86_64 | 1.6 | 51.00 | NOTE | |||
r-release-windows-x86_64 | 1.6 | 61.00 | 116.00 | 177.00 | NOTE | |
r-oldrel-macos-arm64 | 1.6 | 29.00 | NOTE | |||
r-oldrel-macos-x86_64 | 1.6 | 39.00 | NOTE | |||
r-oldrel-windows-ix86+x86_64 | 1.6 | 13.00 | 93.00 | 106.00 | NOTE |
Version: 1.6
Check: LazyData
Result: NOTE
'LazyData' is specified without a 'data' directory
Flavors: r-devel-linux-x86_64-debian-clang, r-devel-linux-x86_64-debian-gcc, r-devel-linux-x86_64-fedora-clang, r-devel-linux-x86_64-fedora-gcc, r-devel-windows-x86_64, r-patched-linux-x86_64, r-release-linux-x86_64, r-release-macos-arm64, r-release-macos-x86_64, r-release-windows-x86_64, r-oldrel-macos-arm64, r-oldrel-macos-x86_64, r-oldrel-windows-ix86+x86_64