CRAN Package Check Results for Package scbursts

Last updated on 2022-10-02 05:49:16 CEST.

Flavor Version Tinstall Tcheck Ttotal Status Flags
r-devel-linux-x86_64-debian-clang 1.6 6.01 62.97 68.98 NOTE
r-devel-linux-x86_64-debian-gcc 1.6 4.67 47.19 51.86 NOTE
r-devel-linux-x86_64-fedora-clang 1.6 100.08 NOTE
r-devel-linux-x86_64-fedora-gcc 1.6 96.90 NOTE
r-devel-windows-x86_64 1.6 40.00 122.00 162.00 NOTE
r-patched-linux-x86_64 1.6 6.59 58.27 64.86 NOTE
r-release-linux-x86_64 1.6 5.14 59.20 64.34 NOTE
r-release-macos-arm64 1.6 31.00 NOTE
r-release-macos-x86_64 1.6 51.00 NOTE
r-release-windows-x86_64 1.6 66.00 116.00 182.00 NOTE
r-oldrel-macos-arm64 1.6 29.00 NOTE
r-oldrel-macos-x86_64 1.6 39.00 NOTE
r-oldrel-windows-ix86+x86_64 1.6 13.00 99.00 112.00 NOTE

Check Details

Version: 1.6
Check: LazyData
Result: NOTE
     'LazyData' is specified without a 'data' directory
Flavors: r-devel-linux-x86_64-debian-clang, r-devel-linux-x86_64-debian-gcc, r-devel-linux-x86_64-fedora-clang, r-devel-linux-x86_64-fedora-gcc, r-devel-windows-x86_64, r-patched-linux-x86_64, r-release-linux-x86_64, r-release-macos-arm64, r-release-macos-x86_64, r-release-windows-x86_64, r-oldrel-macos-arm64, r-oldrel-macos-x86_64, r-oldrel-windows-ix86+x86_64