CRAN Package Check Results for Package sccore

Last updated on 2020-11-27 09:50:37 CET.

Flavor Version Tinstall Tcheck Ttotal Status Flags
r-devel-linux-x86_64-debian-clang 0.1.0 71.26 64.27 135.53 OK
r-devel-linux-x86_64-debian-gcc 0.1.0 85.68 48.45 134.13 OK
r-devel-linux-x86_64-fedora-clang 0.1.0 194.19 NOTE
r-devel-linux-x86_64-fedora-gcc 0.1.0 170.52 NOTE
r-devel-windows-ix86+x86_64 0.1.0 174.00 90.00 264.00 OK
r-patched-linux-x86_64 0.1.0 110.34 63.22 173.56 OK
r-patched-solaris-x86 0.1.0 179.70 NOTE
r-release-linux-x86_64 0.1.0 104.29 65.61 169.90 OK
r-release-macos-x86_64 0.1.0 ERROR
r-release-windows-ix86+x86_64 0.1.0 179.00 97.00 276.00 OK
r-oldrel-macos-x86_64 0.1.0 NOTE
r-oldrel-windows-ix86+x86_64 0.1.0 126.00 113.00 239.00 OK

Additional issues

noOMP noOMP

Check Details

Version: 0.1.0
Check: installed package size
Result: NOTE
     installed size is 5.3Mb
     sub-directories of 1Mb or more:
     libs 4.5Mb
Flavors: r-devel-linux-x86_64-fedora-clang, r-oldrel-macos-x86_64

Version: 0.1.0
Check: dependencies in R code
Result: NOTE
    Namespace in Imports field not imported from: ‘scales’
     All declared Imports should be used.
Flavors: r-devel-linux-x86_64-fedora-clang, r-devel-linux-x86_64-fedora-gcc, r-patched-solaris-x86, r-oldrel-macos-x86_64

Version: 0.1.0
Check: whether package can be installed
Result: ERROR
    Installation failed.
Flavor: r-release-macos-x86_64