CRAN Package Check Results for Package schoenberg

Last updated on 2019-03-23 05:48:16 CET.

Flavor Version Tinstall Tcheck Ttotal Status Flags
r-devel-linux-x86_64-debian-clang 2.0.2 1.49 19.23 20.72 OK
r-devel-linux-x86_64-debian-gcc 2.0.2 1.37 15.74 17.11 OK
r-devel-linux-x86_64-fedora-clang 2.0.2 25.88 OK
r-devel-linux-x86_64-fedora-gcc 2.0.2 24.38 OK
r-devel-windows-ix86+x86_64 2.0.2 5.00 42.00 47.00 OK
r-patched-linux-x86_64 2.0.2 0.86 18.10 18.96 OK
r-patched-solaris-x86 2.0.2 37.40 OK
r-release-linux-x86_64 2.0.2 0.30 1.86 2.16 ERROR
r-release-windows-ix86+x86_64 2.0.2 2.00 31.00 33.00 OK
r-release-osx-x86_64 2.0.2 OK
r-oldrel-windows-ix86+x86_64 2.0.2 3.00 39.00 42.00 OK
r-oldrel-osx-x86_64 2.0.2 OK

Check Details

Version: 2.0.2
Check: whether package can be installed
Result: ERROR
    Installation failed.
Flavor: r-release-linux-x86_64