CRAN Package Check Results for Package schoenberg

Last updated on 2023-03-28 21:54:10 CEST.

Flavor Version Tinstall Tcheck Ttotal Status Flags
r-devel-linux-x86_64-debian-clang 2.0.2 2.04 23.17 25.21 NOTE
r-devel-linux-x86_64-debian-gcc 2.0.2 1.62 18.51 20.13 NOTE
r-devel-linux-x86_64-fedora-clang 2.0.2 32.90 NOTE
r-devel-linux-x86_64-fedora-gcc 2.0.2 30.60 NOTE
r-patched-linux-x86_64 2.0.2 1.84 22.61 24.45 NOTE
r-release-linux-x86_64 2.0.2 1.89 24.47 26.36 NOTE
r-release-macos-arm64 2.0.2 18.00 NOTE
r-release-macos-x86_64 2.0.2 21.00 NOTE
r-release-windows-x86_64 2.0.2 13.00 57.00 70.00 NOTE
r-oldrel-macos-arm64 2.0.2 20.00 NOTE
r-oldrel-macos-x86_64 2.0.2 30.00 NOTE
r-oldrel-windows-ix86+x86_64 2.0.2 5.00 50.00 55.00 NOTE

Check Details

Version: 2.0.2
Check: LazyData
Result: NOTE
     'LazyData' is specified without a 'data' directory
Flavors: r-devel-linux-x86_64-debian-clang, r-devel-linux-x86_64-debian-gcc, r-devel-linux-x86_64-fedora-clang, r-devel-linux-x86_64-fedora-gcc, r-patched-linux-x86_64, r-release-linux-x86_64, r-release-macos-arm64, r-release-macos-x86_64, r-release-windows-x86_64, r-oldrel-macos-arm64, r-oldrel-macos-x86_64, r-oldrel-windows-ix86+x86_64