CRAN Package Check Results for Package scientoText

Last updated on 2024-04-13 21:41:49 CEST.

Flavor Version Tinstall Tcheck Ttotal Status Flags
r-devel-linux-x86_64-debian-clang 0.1 5.10 38.25 43.35 NOTE
r-devel-linux-x86_64-debian-gcc 0.1 3.65 29.77 33.42 NOTE
r-devel-linux-x86_64-fedora-clang 0.1 53.97 NOTE
r-devel-linux-x86_64-fedora-gcc 0.1 56.02 NOTE
r-devel-windows-x86_64 0.1 5.00 50.00 55.00 NOTE
r-patched-linux-x86_64 0.1 4.90 37.64 42.54 NOTE
r-release-linux-x86_64 0.1 5.26 36.75 42.01 NOTE
r-release-macos-arm64 0.1 20.00 NOTE
r-release-macos-x86_64 0.1 30.00 NOTE
r-release-windows-x86_64 0.1 6.00 59.00 65.00 NOTE
r-oldrel-macos-arm64 0.1 19.00 NOTE
r-oldrel-windows-x86_64 0.1 8.00 59.00 67.00 NOTE

Check Details

Version: 0.1
Check: LazyData
Result: NOTE 'LazyData' is specified without a 'data' directory Flavors: r-devel-linux-x86_64-debian-clang, r-devel-linux-x86_64-debian-gcc, r-devel-linux-x86_64-fedora-clang, r-devel-linux-x86_64-fedora-gcc, r-devel-windows-x86_64, r-patched-linux-x86_64, r-release-linux-x86_64, r-release-macos-arm64, r-release-macos-x86_64, r-release-windows-x86_64, r-oldrel-macos-arm64, r-oldrel-windows-x86_64