CRAN Package Check Results for Package scientoText

Last updated on 2021-08-01 01:52:04 CEST.

Flavor Version Tinstall Tcheck Ttotal Status Flags
r-devel-linux-x86_64-debian-clang 0.1 3.32 32.98 36.30 NOTE
r-devel-linux-x86_64-debian-gcc 0.1 2.91 25.09 28.00 NOTE
r-devel-linux-x86_64-fedora-clang 0.1 51.30 NOTE
r-devel-linux-x86_64-fedora-gcc 0.1 41.73 NOTE
r-devel-windows-x86_64 0.1 4.00 52.00 56.00 NOTE
r-devel-windows-x86_64-gcc10-UCRT 0.1 NOTE
r-patched-linux-x86_64 0.1 NOTE
r-patched-solaris-x86 0.1 64.90 NOTE
r-release-linux-x86_64 0.1 3.20 30.80 34.00 NOTE
r-release-macos-arm64 0.1 NOTE
r-release-macos-x86_64 0.1 NOTE
r-release-windows-ix86+x86_64 0.1 10.00 51.00 61.00 NOTE
r-oldrel-macos-x86_64 0.1 OK
r-oldrel-windows-ix86+x86_64 0.1 7.00 50.00 57.00 OK

Check Details

Version: 0.1
Check: LazyData
Result: NOTE
     'LazyData' is specified without a 'data' directory
Flavors: r-devel-linux-x86_64-debian-clang, r-devel-linux-x86_64-debian-gcc, r-devel-linux-x86_64-fedora-clang, r-devel-linux-x86_64-fedora-gcc, r-devel-windows-x86_64, r-devel-windows-x86_64-gcc10-UCRT, r-patched-linux-x86_64, r-patched-solaris-x86, r-release-linux-x86_64, r-release-macos-arm64, r-release-macos-x86_64, r-release-windows-ix86+x86_64