CRAN Package Check Results for Package scio

Last updated on 2019-09-18 23:50:11 CEST.

Flavor Version Tinstall Tcheck Ttotal Status Flags
r-devel-linux-x86_64-debian-clang 0.6.1 2.41 16.57 18.98 WARN
r-devel-linux-x86_64-debian-gcc 0.6.1 1.94 14.15 16.09 WARN
r-devel-linux-x86_64-fedora-clang 0.6.1 24.04 WARN
r-devel-linux-x86_64-fedora-gcc 0.6.1 23.33 WARN
r-devel-windows-ix86+x86_64 0.6.1 12.00 37.00 49.00 NOTE
r-patched-linux-x86_64 0.6.1 1.93 16.28 18.21 WARN
r-patched-solaris-x86 0.6.1 36.10 NOTE
r-release-linux-x86_64 0.6.1 2.17 16.67 18.84 WARN
r-release-windows-ix86+x86_64 0.6.1 8.00 48.00 56.00 NOTE
r-release-osx-x86_64 0.6.1 NOTE
r-oldrel-windows-ix86+x86_64 0.6.1 8.00 50.00 58.00 NOTE
r-oldrel-osx-x86_64 0.6.1 NOTE

Check Details

Version: 0.6.1
Check: whether package can be installed
Result: WARN
    Found the following significant warnings:
     Warning: '__var_1_mmb.offset' is used uninitialized in this function [-Wuninitialized]
Flavors: r-devel-linux-x86_64-debian-clang, r-devel-linux-x86_64-debian-gcc, r-devel-linux-x86_64-fedora-clang, r-devel-linux-x86_64-fedora-gcc, r-patched-linux-x86_64, r-release-linux-x86_64

Version: 0.6.1
Check: dependencies in R code
Result: NOTE
    'library' or 'require' call to 'QUIC' in package code.
     Please use :: or requireNamespace() instead.
     See section 'Suggested packages' in the 'Writing R Extensions' manual.
Flavors: r-devel-linux-x86_64-debian-clang, r-devel-linux-x86_64-debian-gcc, r-devel-linux-x86_64-fedora-clang, r-devel-linux-x86_64-fedora-gcc, r-devel-windows-ix86+x86_64, r-patched-linux-x86_64, r-patched-solaris-x86, r-release-linux-x86_64, r-release-windows-ix86+x86_64, r-release-osx-x86_64, r-oldrel-windows-ix86+x86_64, r-oldrel-osx-x86_64

Version: 0.6.1
Check: R code for possible problems
Result: NOTE
    scio.cv: no visible global function definition for 'cov'
    scio.refit: no visible global function definition for 'QUIC'
    Undefined global functions or variables:
     QUIC cov
    Consider adding
     importFrom("stats", "cov")
    to your NAMESPACE file.
Flavors: r-devel-linux-x86_64-debian-clang, r-devel-linux-x86_64-debian-gcc, r-devel-linux-x86_64-fedora-clang, r-devel-linux-x86_64-fedora-gcc, r-devel-windows-ix86+x86_64, r-patched-linux-x86_64, r-patched-solaris-x86, r-release-linux-x86_64, r-release-windows-ix86+x86_64, r-release-osx-x86_64, r-oldrel-windows-ix86+x86_64, r-oldrel-osx-x86_64

Version: 0.6.1
Check: compiled code
Result: NOTE
    File ‘scio/libs/scio.so’:
     Found no calls to: ‘R_registerRoutines’, ‘R_useDynamicSymbols’
    
    It is good practice to register native routines and to disable symbol
    search.
    
    See ‘Writing portable packages’ in the ‘Writing R Extensions’ manual.
Flavors: r-devel-linux-x86_64-fedora-clang, r-devel-linux-x86_64-fedora-gcc