CRAN Package Check Results for Package scistreer

Last updated on 2024-04-16 09:59:46 CEST.

Flavor Version Tinstall Tcheck Ttotal Status Flags
r-devel-linux-x86_64-debian-clang 1.2.0 51.38 132.82 184.20 NOTE
r-devel-linux-x86_64-debian-gcc 1.2.0 40.98 98.46 139.44 NOTE
r-devel-linux-x86_64-fedora-clang 1.2.0 245.90 NOTE
r-devel-linux-x86_64-fedora-gcc 1.2.0 249.13 NOTE
r-prerel-macos-arm64 1.2.0 59.00 NOTE
r-prerel-macos-x86_64 1.2.0 144.00 NOTE
r-prerel-windows-x86_64 1.2.0 44.00 121.00 165.00 NOTE
r-patched-linux-x86_64 1.2.0 37.45 123.44 160.89 NOTE
r-release-linux-x86_64 1.2.0 44.69 130.72 175.41 NOTE
r-release-macos-arm64 1.2.0 69.00 NOTE
r-release-macos-x86_64 1.2.0 147.00 NOTE
r-release-windows-x86_64 1.2.0 61.00 163.00 224.00 NOTE
r-oldrel-macos-arm64 1.2.0 64.00 NOTE
r-oldrel-windows-x86_64 1.2.0 58.00 160.00 218.00 NOTE

Check Details

Version: 1.2.0
Check: for GNU extensions in Makefiles
Result: NOTE GNU make is a SystemRequirements. Flavors: r-devel-linux-x86_64-debian-clang, r-devel-linux-x86_64-debian-gcc, r-devel-linux-x86_64-fedora-clang, r-devel-linux-x86_64-fedora-gcc, r-prerel-macos-arm64, r-prerel-macos-x86_64, r-prerel-windows-x86_64, r-patched-linux-x86_64, r-release-linux-x86_64, r-release-macos-arm64, r-release-macos-x86_64, r-release-windows-x86_64, r-oldrel-macos-arm64, r-oldrel-windows-x86_64

Version: 1.2.0
Check: dependencies in R code
Result: NOTE Namespace in Imports field not imported from: ‘Rcpp’ All declared Imports should be used. Flavors: r-devel-linux-x86_64-fedora-clang, r-devel-linux-x86_64-fedora-gcc