CRAN Package Check Results for Package sclr

Last updated on 2020-04-08 01:49:10 CEST.

Flavor Version Tinstall Tcheck Ttotal Status Flags
r-devel-linux-x86_64-debian-clang 0.3.1 6.10 79.42 85.52 OK
r-devel-linux-x86_64-debian-gcc 0.3.1 4.47 59.88 64.35 OK
r-devel-linux-x86_64-fedora-clang 0.3.1 103.28 OK
r-devel-linux-x86_64-fedora-gcc 0.3.1 103.29 OK
r-devel-windows-ix86+x86_64 0.3.1 16.00 142.00 158.00 OK
r-devel-windows-ix86+x86_64-gcc8 0.3.1 13.00 91.00 104.00 OK
r-patched-linux-x86_64 0.3.1 5.60 76.31 81.91 OK
r-patched-solaris-x86 0.3.1 154.40 OK
r-release-linux-x86_64 0.3.1 4.46 71.15 75.61 OK
r-release-windows-ix86+x86_64 0.3.1 20.00 124.00 144.00 OK
r-release-osx-x86_64 0.3.1 OK
r-oldrel-osx-x86_64 0.3.1 ERROR

Check Details

Version: 0.3.1
Check: whether package can be installed
Result: ERROR
    Installation failed.
Flavor: r-oldrel-osx-x86_64